{"id":32661,"date":"2024-03-19T15:18:16","date_gmt":"2024-03-19T14:18:16","guid":{"rendered":"https:\/\/carole-pascal.fr\/WORDPRESS\/?page_id=32661"},"modified":"2024-03-19T15:20:59","modified_gmt":"2024-03-19T14:20:59","slug":"colorado-usa-08-au-22-septembre-2018-informations","status":"publish","type":"page","link":"https:\/\/carole-pascal.fr\/WORDPRESS\/colorado-usa-08-au-22-septembre-2018-informations\/","title":{"rendered":"Colorado (USA) \u2013 08 au 22 septembre 2018 &#8211; Informations"},"content":{"rendered":"\t\t<div data-elementor-type=\"wp-page\" data-elementor-id=\"32661\" class=\"elementor elementor-32661\">\n\t\t\t\t<div class=\"elementor-element elementor-element-23843914 e-flex e-con-boxed e-con e-parent\" data-id=\"23843914\" data-element_type=\"container\" data-e-type=\"container\">\n\t\t\t\t\t<div class=\"e-con-inner\">\n\t\t\t\t<div class=\"elementor-element elementor-element-17bdb446 elementor-align-center elementor-widget elementor-widget-button\" data-id=\"17bdb446\" data-element_type=\"widget\" data-e-type=\"widget\" data-widget_type=\"button.default\">\n\t\t\t\t<div class=\"elementor-widget-container\">\n\t\t\t\t\t\t\t\t\t<div class=\"elementor-button-wrapper\">\n\t\t\t\t\t<a class=\"elementor-button elementor-button-link elementor-size-sm\" href=\"https:\/\/carole-pascal.fr\/WORDPRESS\/colorado-usa-08-au-22-septembre-2018\/\">\n\t\t\t\t\t\t<span class=\"elementor-button-content-wrapper\">\n\t\t\t\t\t\t\t\t\t<span class=\"elementor-button-text\">Revenir au menu pr\u00e9c\u00e9dent<\/span>\n\t\t\t\t\t<\/span>\n\t\t\t\t\t<\/a>\n\t\t\t\t<\/div>\n\t\t\t\t\t\t\t\t<\/div>\n\t\t\t\t<\/div>\n\t\t\t\t\t<\/div>\n\t\t\t\t<\/div>\n\t\t<div class=\"elementor-element elementor-element-dca0e65 e-flex e-con-boxed e-con e-parent\" data-id=\"dca0e65\" data-element_type=\"container\" data-e-type=\"container\">\n\t\t\t\t\t<div class=\"e-con-inner\">\n\t\t<div class=\"elementor-element elementor-element-c03fa7c e-con-full e-flex e-con e-child\" data-id=\"c03fa7c\" data-element_type=\"container\" data-e-type=\"container\">\n\t\t\t\t<div class=\"elementor-element elementor-element-c90c8bc elementor-widget elementor-widget-image\" data-id=\"c90c8bc\" data-element_type=\"widget\" data-e-type=\"widget\" data-widget_type=\"image.default\">\n\t\t\t\t<div class=\"elementor-widget-container\">\n\t\t\t\t\t\t\t\t\t\t\t\t\t\t\t<img width=\"280\" height=\"173\"  class=\"attachment-large size-large wp-image-32577 lws-optimize-lazyload\" alt=\"\" \/ data-src=\"https:\/\/carole-pascal.fr\/WORDPRESS\/wp-content\/uploads\/2024\/03\/Carte-1.png\">\t\t\t\t\t\t\t\t\t\t\t\t\t\t\t<\/div>\n\t\t\t\t<\/div>\n\t\t\t\t<\/div>\n\t\t<div class=\"elementor-element elementor-element-3e2f6c1 e-con-full e-flex e-con e-child\" data-id=\"3e2f6c1\" data-element_type=\"container\" data-e-type=\"container\">\n\t\t\t\t<div class=\"elementor-element elementor-element-8b29dea elementor-widget elementor-widget-image\" data-id=\"8b29dea\" data-element_type=\"widget\" data-e-type=\"widget\" data-widget_type=\"image.default\">\n\t\t\t\t<div class=\"elementor-widget-container\">\n\t\t\t\t\t\t\t\t\t\t\t\t\t\t\t<img fetchpriority=\"high\" width=\"300\" height=\"300\"  class=\"attachment-medium size-medium wp-image-32597 lws-optimize-lazyload\" alt=\"\" srcset=\"https:\/\/carole-pascal.fr\/WORDPRESS\/wp-content\/uploads\/2024\/03\/Seal-1-300x300.png 300w, https:\/\/carole-pascal.fr\/WORDPRESS\/wp-content\/uploads\/2024\/03\/Seal-1-150x150.png 150w, https:\/\/carole-pascal.fr\/WORDPRESS\/wp-content\/uploads\/2024\/03\/Seal-1-768x768.png 768w, https:\/\/carole-pascal.fr\/WORDPRESS\/wp-content\/uploads\/2024\/03\/Seal-1-600x600.png 600w, https:\/\/carole-pascal.fr\/WORDPRESS\/wp-content\/uploads\/2024\/03\/Seal-1.png 775w\" sizes=\"(max-width: 300px) 100vw, 300px\" \/ data-src=\"https:\/\/carole-pascal.fr\/WORDPRESS\/wp-content\/uploads\/2024\/03\/Seal-1-300x300.png\">\t\t\t\t\t\t\t\t\t\t\t\t\t\t\t<\/div>\n\t\t\t\t<\/div>\n\t\t\t\t<\/div>\n\t\t\t\t\t<\/div>\n\t\t\t\t<\/div>\n\t\t<div class=\"elementor-element elementor-element-53a64a5 e-flex e-con-boxed e-con e-parent\" data-id=\"53a64a5\" data-element_type=\"container\" data-e-type=\"container\">\n\t\t\t\t\t<div class=\"e-con-inner\">\n\t\t\t\t<div class=\"elementor-element elementor-element-4969593 elementor-widget elementor-widget-text-editor\" data-id=\"4969593\" data-element_type=\"widget\" data-e-type=\"widget\" data-widget_type=\"text-editor.default\">\n\t\t\t\t<div class=\"elementor-widget-container\">\n\t\t\t\t\t\t\t\t\t<p>Le Colorado est un \u00c9tat de l&rsquo;Ouest am\u00e9ricain. Sa capitale est Denver, qui forme avec Aurora une m\u00e9tropole de 3 214 218 habitants, soit plus de la moiti\u00e9 de la population de l&rsquo;\u00c9tat. Le Colorado est surnomm\u00e9 \u00ab L&rsquo;\u00c9tat du centenaire \u00bb (The Centennial State) car il a int\u00e9gr\u00e9 l&rsquo;Union en 1876, 100 ans apr\u00e8s la d\u00e9claration d&rsquo;ind\u00e9pendance des \u00c9tats-Unis. C&rsquo;est un des deux seuls \u00c9tats totalement rectangulaires (avec le Wyoming).<br \/>La totalit\u00e9 du territoire coloradien est situ\u00e9 au-dessus de 1 000 m\u00e8tres d&rsquo;altitude.<br \/>La partie est de l&rsquo;\u00c9tat est occup\u00e9e par les Grandes Plaines tandis que la partie ouest voit s&rsquo;\u00e9lever les montagnes Rocheuses et le plateau du Colorado. Le mont Elbert, point culminant des montagnes Rocheuses, est situ\u00e9 dans l&rsquo;\u00c9tat comme l&rsquo;int\u00e9gralit\u00e9 du parc national des montagnes Rocheuses et du parc national de Black Canyon of the Gunnison. Il abrite \u00e9galement les plus hautes dunes d&rsquo;Am\u00e9rique du Nord, prot\u00e9g\u00e9es au sein du parc national et de la r\u00e9serve de Great Sand Dunes.<br \/>Le sud-ouest de l&rsquo;\u00c9tat comprend les r\u00e9serves am\u00e9rindiennes des Utes du Sud et des Utes des Montagnes ainsi que le parc national de Mesa Verde, vestige de la civilisation des Anasazis, inscrit au patrimoine mondial de l&rsquo;Unesco. Le tourisme occupe une place importante dans l&rsquo;\u00e9conomie coloradienne, notamment gr\u00e2ce aux stations de sport d&rsquo;hiver d&rsquo;Aspen, de Vail et de Beaver Creek. Le Colorado a accueilli \u00e0 quatre reprises les championnats du monde de ski alpin.<br \/>Depuis une trentaine d&rsquo;ann\u00e9es, le Colorado est \u00e0 l&rsquo;avant-garde des politiques environnementales et de d\u00e9veloppement durable des \u00c9tats-Unis. Avec la Californie, l&rsquo;Oregon et l&rsquo;\u00c9tat de Washington, il constitue \u00e9galement l&rsquo;un des \u00c9tats les plus d\u00e9mocrates de la moiti\u00e9 ouest du pays.<\/p>\t\t\t\t\t\t\t\t<\/div>\n\t\t\t\t<\/div>\n\t\t\t\t\t<\/div>\n\t\t\t\t<\/div>\n\t\t<div class=\"elementor-element elementor-element-16d345d e-flex e-con-boxed e-con e-parent\" data-id=\"16d345d\" data-element_type=\"container\" data-e-type=\"container\">\n\t\t\t\t\t<div class=\"e-con-inner\">\n\t\t\t\t<div class=\"elementor-element elementor-element-c4cda6d elementor-widget elementor-widget-text-editor\" data-id=\"c4cda6d\" data-element_type=\"widget\" data-e-type=\"widget\" data-widget_type=\"text-editor.default\">\n\t\t\t\t<div class=\"elementor-widget-container\">\n\t\t\t\t\t\t\t\t\t<p><span style=\"text-decoration: underline;\">Les parcs nationaux du Colorado que nous allons visiter (voir carte ci-dessous):<\/span><br \/>&#8211; Rocky mountain national park<br \/>&#8211; Dinosaur national monument<br \/>&#8211; Colorado national monument<br \/>&#8211; Black canyon of the gunnison national park<br \/>&#8211; Great sand dunes national park<br \/>&#8211; Florissant fossil beds national monument<\/p>\t\t\t\t\t\t\t\t<\/div>\n\t\t\t\t<\/div>\n\t\t\t\t\t<\/div>\n\t\t\t\t<\/div>\n\t\t<div class=\"elementor-element elementor-element-58f0a30 e-flex e-con-boxed e-con e-parent\" data-id=\"58f0a30\" data-element_type=\"container\" data-e-type=\"container\">\n\t\t\t\t\t<div class=\"e-con-inner\">\n\t\t\t\t<div class=\"elementor-element elementor-element-0d5b7ce elementor-widget elementor-widget-image\" data-id=\"0d5b7ce\" data-element_type=\"widget\" data-e-type=\"widget\" data-widget_type=\"image.default\">\n\t\t\t\t<div class=\"elementor-widget-container\">\n\t\t\t\t\t\t\t\t\t\t\t\t\t\t\t<img width=\"1024\" height=\"724\"  class=\"attachment-large size-large wp-image-32591 lws-optimize-lazyload\" alt=\"\" srcset=\"https:\/\/carole-pascal.fr\/WORDPRESS\/wp-content\/uploads\/2024\/03\/PN-1024x724.jpg 1024w, https:\/\/carole-pascal.fr\/WORDPRESS\/wp-content\/uploads\/2024\/03\/PN-300x212.jpg 300w, https:\/\/carole-pascal.fr\/WORDPRESS\/wp-content\/uploads\/2024\/03\/PN-768x543.jpg 768w, https:\/\/carole-pascal.fr\/WORDPRESS\/wp-content\/uploads\/2024\/03\/PN.jpg 1276w\" sizes=\"(max-width: 1024px) 100vw, 1024px\" \/ data-src=\"https:\/\/carole-pascal.fr\/WORDPRESS\/wp-content\/uploads\/2024\/03\/PN-1024x724.jpg\">\t\t\t\t\t\t\t\t\t\t\t\t\t\t\t<\/div>\n\t\t\t\t<\/div>\n\t\t\t\t\t<\/div>\n\t\t\t\t<\/div>\n\t\t\t\t<\/div>\n\t\t","protected":false},"excerpt":{"rendered":"<p>Revenir au menu pr\u00e9c\u00e9dent Le Colorado est un \u00c9tat de l&rsquo;Ouest am\u00e9ricain. Sa capitale est Denver, qui forme avec Aurora une m\u00e9tropole de 3 214 218 habitants, soit plus de la moiti\u00e9 de la population de l&rsquo;\u00c9tat. Le Colorado est surnomm\u00e9 \u00ab L&rsquo;\u00c9tat du centenaire \u00bb (The Centennial State) car il a int\u00e9gr\u00e9 l&rsquo;Union en [&hellip;]<\/p>\n","protected":false},"author":1,"featured_media":0,"parent":0,"menu_order":0,"comment_status":"closed","ping_status":"closed","template":"","meta":{"ocean_post_layout":"","ocean_both_sidebars_style":"","ocean_both_sidebars_content_width":0,"ocean_both_sidebars_sidebars_width":0,"ocean_sidebar":"","ocean_second_sidebar":"","ocean_disable_margins":"enable","ocean_add_body_class":"","ocean_shortcode_before_top_bar":"","ocean_shortcode_after_top_bar":"","ocean_shortcode_before_header":"","ocean_shortcode_after_header":"","ocean_has_shortcode":"","ocean_shortcode_after_title":"","ocean_shortcode_before_footer_widgets":"","ocean_shortcode_after_footer_widgets":"","ocean_shortcode_before_footer_bottom":"","ocean_shortcode_after_footer_bottom":"","ocean_display_top_bar":"default","ocean_display_header":"default","ocean_header_style":"","ocean_center_header_left_menu":"","ocean_custom_header_template":"","ocean_custom_logo":0,"ocean_custom_retina_logo":0,"ocean_custom_logo_max_width":0,"ocean_custom_logo_tablet_max_width":0,"ocean_custom_logo_mobile_max_width":0,"ocean_custom_logo_max_height":0,"ocean_custom_logo_tablet_max_height":0,"ocean_custom_logo_mobile_max_height":0,"ocean_header_custom_menu":"","ocean_menu_typo_font_family":"","ocean_menu_typo_font_subset":"","ocean_menu_typo_font_size":0,"ocean_menu_typo_font_size_tablet":0,"ocean_menu_typo_font_size_mobile":0,"ocean_menu_typo_font_size_unit":"px","ocean_menu_typo_font_weight":"","ocean_menu_typo_font_weight_tablet":"","ocean_menu_typo_font_weight_mobile":"","ocean_menu_typo_transform":"","ocean_menu_typo_transform_tablet":"","ocean_menu_typo_transform_mobile":"","ocean_menu_typo_line_height":0,"ocean_menu_typo_line_height_tablet":0,"ocean_menu_typo_line_height_mobile":0,"ocean_menu_typo_line_height_unit":"","ocean_menu_typo_spacing":0,"ocean_menu_typo_spacing_tablet":0,"ocean_menu_typo_spacing_mobile":0,"ocean_menu_typo_spacing_unit":"","ocean_menu_link_color":"","ocean_menu_link_color_hover":"","ocean_menu_link_color_active":"","ocean_menu_link_background":"","ocean_menu_link_hover_background":"","ocean_menu_link_active_background":"","ocean_menu_social_links_bg":"","ocean_menu_social_hover_links_bg":"","ocean_menu_social_links_color":"","ocean_menu_social_hover_links_color":"","ocean_disable_title":"default","ocean_disable_heading":"default","ocean_post_title":"","ocean_post_subheading":"","ocean_post_title_style":"","ocean_post_title_background_color":"","ocean_post_title_background":0,"ocean_post_title_bg_image_position":"","ocean_post_title_bg_image_attachment":"","ocean_post_title_bg_image_repeat":"","ocean_post_title_bg_image_size":"","ocean_post_title_height":0,"ocean_post_title_bg_overlay":0.5,"ocean_post_title_bg_overlay_color":"","ocean_disable_breadcrumbs":"default","ocean_breadcrumbs_color":"","ocean_breadcrumbs_separator_color":"","ocean_breadcrumbs_links_color":"","ocean_breadcrumbs_links_hover_color":"","ocean_display_footer_widgets":"default","ocean_display_footer_bottom":"default","ocean_custom_footer_template":"","footnotes":""},"class_list":["post-32661","page","type-page","status-publish","hentry","entry"],"_links":{"self":[{"href":"https:\/\/carole-pascal.fr\/WORDPRESS\/wp-json\/wp\/v2\/pages\/32661","targetHints":{"allow":["GET"]}}],"collection":[{"href":"https:\/\/carole-pascal.fr\/WORDPRESS\/wp-json\/wp\/v2\/pages"}],"about":[{"href":"https:\/\/carole-pascal.fr\/WORDPRESS\/wp-json\/wp\/v2\/types\/page"}],"author":[{"embeddable":true,"href":"https:\/\/carole-pascal.fr\/WORDPRESS\/wp-json\/wp\/v2\/users\/1"}],"replies":[{"embeddable":true,"href":"https:\/\/carole-pascal.fr\/WORDPRESS\/wp-json\/wp\/v2\/comments?post=32661"}],"version-history":[{"count":0,"href":"https:\/\/carole-pascal.fr\/WORDPRESS\/wp-json\/wp\/v2\/pages\/32661\/revisions"}],"wp:attachment":[{"href":"https:\/\/carole-pascal.fr\/WORDPRESS\/wp-json\/wp\/v2\/media?parent=32661"}],"curies":[{"name":"wp","href":"https:\/\/api.w.org\/{rel}","templated":true}]}}