{"id":35090,"date":"2024-04-30T16:30:26","date_gmt":"2024-04-30T14:30:26","guid":{"rendered":"https:\/\/carole-pascal.fr\/WORDPRESS\/?page_id=35090"},"modified":"2024-04-30T16:31:41","modified_gmt":"2024-04-30T14:31:41","slug":"etats-de-la-nouvelle-angleterre-etats-unis-new-hampshire","status":"publish","type":"page","link":"https:\/\/carole-pascal.fr\/WORDPRESS\/etats-de-la-nouvelle-angleterre-etats-unis-new-hampshire\/","title":{"rendered":"Etats de la Nouvelle-Angleterre (Etats-Unis) &#8211; New-Hampshire"},"content":{"rendered":"\t\t<div data-elementor-type=\"wp-page\" data-elementor-id=\"35090\" class=\"elementor elementor-35090\">\n\t\t\t\t<div class=\"elementor-element elementor-element-6a45884c e-flex e-con-boxed e-con e-parent\" data-id=\"6a45884c\" data-element_type=\"container\" data-e-type=\"container\">\n\t\t\t\t\t<div class=\"e-con-inner\">\n\t\t\t\t<div class=\"elementor-element elementor-element-404ecfff elementor-align-center elementor-widget elementor-widget-button\" data-id=\"404ecfff\" data-element_type=\"widget\" data-e-type=\"widget\" data-widget_type=\"button.default\">\n\t\t\t\t<div class=\"elementor-widget-container\">\n\t\t\t\t\t\t\t\t\t<div class=\"elementor-button-wrapper\">\n\t\t\t\t\t<a class=\"elementor-button elementor-button-link elementor-size-sm\" href=\"https:\/\/carole-pascal.fr\/WORDPRESS\/etats-de-la-nouvelle-angleterre-etats-unis-10-au-24-octobre-2015\/\">\n\t\t\t\t\t\t<span class=\"elementor-button-content-wrapper\">\n\t\t\t\t\t\t\t\t\t<span class=\"elementor-button-text\">Revenir au menu pr\u00e9c\u00e9dent<\/span>\n\t\t\t\t\t<\/span>\n\t\t\t\t\t<\/a>\n\t\t\t\t<\/div>\n\t\t\t\t\t\t\t\t<\/div>\n\t\t\t\t<\/div>\n\t\t\t\t\t<\/div>\n\t\t\t\t<\/div>\n\t\t<div class=\"elementor-element elementor-element-d4e16f6 e-flex e-con-boxed e-con e-parent\" data-id=\"d4e16f6\" data-element_type=\"container\" data-e-type=\"container\">\n\t\t\t\t\t<div class=\"e-con-inner\">\n\t\t\t\t<div class=\"elementor-element elementor-element-b0ed3bf elementor-widget elementor-widget-text-editor\" data-id=\"b0ed3bf\" data-element_type=\"widget\" data-e-type=\"widget\" data-widget_type=\"text-editor.default\">\n\t\t\t\t<div class=\"elementor-widget-container\">\n\t\t\t\t\t\t\t\t\t<p>Superficie : 24 097 km2, Population : 1 316 470 hab., Capitale : Concord, Surnom : Granite State<\/p><p>Le New Hampshire est un \u00c9tat des \u00c9tats-Unis situ\u00e9 dans la r\u00e9gion de la Nouvelle-Angleterre, au nord-est du pays. Il est bord\u00e9 \u00e0 l&rsquo;ouest par le Vermont, au nord par le Qu\u00e9bec, \u00e0 l&rsquo;est par le Maine et l&rsquo;oc\u00e9an Atlantique et au sud par le Massachusetts.<\/p><p>Le nom \u00ab New Hampshire \u00bb provient de celui du comt\u00e9 du Hampshire, au sud de l&rsquo;Angleterre. Parmi les \u00c9tats am\u00e9ricains, le New Hampshire se classe 44e pour ce qui est de la superficie de terres, 46e pour la superficie totale et 42e pour la population. Le fleuve Connecticut sert de fronti\u00e8re entre le New Hampshire et le Vermont.<\/p><p>En janvier 1776, la Province du New Hampshire devint la premi\u00e8re colonie de l&rsquo;Am\u00e9rique du Nord britannique \u00e0 former un gouvernement ind\u00e9pendant de l&rsquo;autorit\u00e9 de la Grande-Bretagne, sans pour autant avoir d\u00e9clar\u00e9 son ind\u00e9pendance \u00e0 ce moment-l\u00e0.<br \/>Six mois plus tard, le 4 juillet, elle devint un des treize \u00ab \u00c9tats unis \u00bb qui firent s\u00e9cession ensemble. En juin 1788, il devint le neuvi\u00e8me \u00c9tat \u00e0 ratifier la Constitution des \u00c9tats-Unis et permit ainsi au document de prendre effet. Le New Hampshire fut le premier \u00c9tat \u00e0 avoir sa propre constitution.<\/p><p>Concord est la capitale de l&rsquo;\u00c9tat, alors que Manchester est la plus grande ville. Il n&rsquo;y a ni taxe de vente ni imp\u00f4t sur le revenu au niveau de l&rsquo;\u00c9tat ou au niveau municipal. Ses plaques d&rsquo;immatriculation portent la devise \u00ab Live Free or Die \u00bb (\u00ab Vivre libre ou mourir \u00bb). Le surnom de l&rsquo;\u00c9tat est \u00ab l&rsquo;\u00c9tat du granite \u00bb, qui fait r\u00e9f\u00e9rence \u00e0 sa g\u00e9ologie. Le symbole de l&rsquo;\u00c9tat est \u00ab the Old Man of the Mountain \u00bb (\u00ab le Vieil homme de la Montagne \u00bb), un ancien d\u00e9tail topographique trouv\u00e9 dans les montagnes Blanches qui ressemble \u00e0 un visage en granite.<\/p><p>Les attractions de loisir principales sont le ski, la motoneige et d&rsquo;autres sports d&rsquo;hiver, les randonn\u00e9es et l&rsquo;alpinisme, l&rsquo;observation du feuillage automnal, les chalets pr\u00e8s des lacs et au bord de la mer, les sports automobiles au New Hampshire Motor Speedway et la semaine motocycliste de Laconia en juin. Le sentier des Appalaches traverse l&rsquo;\u00c9tat dans la for\u00eat nationale des Montagnes Blanches.<\/p>\t\t\t\t\t\t\t\t<\/div>\n\t\t\t\t<\/div>\n\t\t\t\t\t<\/div>\n\t\t\t\t<\/div>\n\t\t<div class=\"elementor-element elementor-element-4800106 e-con-full e-flex e-con e-parent\" data-id=\"4800106\" data-element_type=\"container\" data-e-type=\"container\">\n\t\t\t\t<div class=\"elementor-element elementor-element-5aa5afc elementor-widget__width-initial elementor-widget elementor-widget-image\" data-id=\"5aa5afc\" data-element_type=\"widget\" data-e-type=\"widget\" data-widget_type=\"image.default\">\n\t\t\t\t<div class=\"elementor-widget-container\">\n\t\t\t\t\t\t\t\t\t\t\t\t\t\t\t<img fetchpriority=\"high\" width=\"660\" height=\"440\"  class=\"attachment-large size-large wp-image-35058 lws-optimize-lazyload\" alt=\"\" srcset=\"https:\/\/carole-pascal.fr\/WORDPRESS\/wp-content\/uploads\/2024\/04\/Flag_of_New_Hampshire-1.png 660w, https:\/\/carole-pascal.fr\/WORDPRESS\/wp-content\/uploads\/2024\/04\/Flag_of_New_Hampshire-1-300x200.png 300w\" sizes=\"(max-width: 660px) 100vw, 660px\" \/ data-src=\"https:\/\/carole-pascal.fr\/WORDPRESS\/wp-content\/uploads\/2024\/04\/Flag_of_New_Hampshire-1.png\">\t\t\t\t\t\t\t\t\t\t\t\t\t\t\t<\/div>\n\t\t\t\t<\/div>\n\t\t\t\t<\/div>\n\t\t\t\t<\/div>\n\t\t","protected":false},"excerpt":{"rendered":"<p>Revenir au menu pr\u00e9c\u00e9dent Superficie : 24 097 km2, Population : 1 316 470 hab., Capitale : Concord, Surnom : Granite State Le New Hampshire est un \u00c9tat des \u00c9tats-Unis situ\u00e9 dans la r\u00e9gion de la Nouvelle-Angleterre, au nord-est du pays. Il est bord\u00e9 \u00e0 l&rsquo;ouest par le Vermont, au nord par le Qu\u00e9bec, \u00e0 [&hellip;]<\/p>\n","protected":false},"author":1,"featured_media":0,"parent":0,"menu_order":0,"comment_status":"closed","ping_status":"closed","template":"","meta":{"ocean_post_layout":"","ocean_both_sidebars_style":"","ocean_both_sidebars_content_width":0,"ocean_both_sidebars_sidebars_width":0,"ocean_sidebar":"","ocean_second_sidebar":"","ocean_disable_margins":"enable","ocean_add_body_class":"","ocean_shortcode_before_top_bar":"","ocean_shortcode_after_top_bar":"","ocean_shortcode_before_header":"","ocean_shortcode_after_header":"","ocean_has_shortcode":"","ocean_shortcode_after_title":"","ocean_shortcode_before_footer_widgets":"","ocean_shortcode_after_footer_widgets":"","ocean_shortcode_before_footer_bottom":"","ocean_shortcode_after_footer_bottom":"","ocean_display_top_bar":"default","ocean_display_header":"default","ocean_header_style":"","ocean_center_header_left_menu":"","ocean_custom_header_template":"","ocean_custom_logo":0,"ocean_custom_retina_logo":0,"ocean_custom_logo_max_width":0,"ocean_custom_logo_tablet_max_width":0,"ocean_custom_logo_mobile_max_width":0,"ocean_custom_logo_max_height":0,"ocean_custom_logo_tablet_max_height":0,"ocean_custom_logo_mobile_max_height":0,"ocean_header_custom_menu":"","ocean_menu_typo_font_family":"","ocean_menu_typo_font_subset":"","ocean_menu_typo_font_size":0,"ocean_menu_typo_font_size_tablet":0,"ocean_menu_typo_font_size_mobile":0,"ocean_menu_typo_font_size_unit":"px","ocean_menu_typo_font_weight":"","ocean_menu_typo_font_weight_tablet":"","ocean_menu_typo_font_weight_mobile":"","ocean_menu_typo_transform":"","ocean_menu_typo_transform_tablet":"","ocean_menu_typo_transform_mobile":"","ocean_menu_typo_line_height":0,"ocean_menu_typo_line_height_tablet":0,"ocean_menu_typo_line_height_mobile":0,"ocean_menu_typo_line_height_unit":"","ocean_menu_typo_spacing":0,"ocean_menu_typo_spacing_tablet":0,"ocean_menu_typo_spacing_mobile":0,"ocean_menu_typo_spacing_unit":"","ocean_menu_link_color":"","ocean_menu_link_color_hover":"","ocean_menu_link_color_active":"","ocean_menu_link_background":"","ocean_menu_link_hover_background":"","ocean_menu_link_active_background":"","ocean_menu_social_links_bg":"","ocean_menu_social_hover_links_bg":"","ocean_menu_social_links_color":"","ocean_menu_social_hover_links_color":"","ocean_disable_title":"default","ocean_disable_heading":"default","ocean_post_title":"","ocean_post_subheading":"","ocean_post_title_style":"","ocean_post_title_background_color":"","ocean_post_title_background":0,"ocean_post_title_bg_image_position":"","ocean_post_title_bg_image_attachment":"","ocean_post_title_bg_image_repeat":"","ocean_post_title_bg_image_size":"","ocean_post_title_height":0,"ocean_post_title_bg_overlay":0.5,"ocean_post_title_bg_overlay_color":"","ocean_disable_breadcrumbs":"default","ocean_breadcrumbs_color":"","ocean_breadcrumbs_separator_color":"","ocean_breadcrumbs_links_color":"","ocean_breadcrumbs_links_hover_color":"","ocean_display_footer_widgets":"default","ocean_display_footer_bottom":"default","ocean_custom_footer_template":"","footnotes":""},"class_list":["post-35090","page","type-page","status-publish","hentry","entry"],"_links":{"self":[{"href":"https:\/\/carole-pascal.fr\/WORDPRESS\/wp-json\/wp\/v2\/pages\/35090","targetHints":{"allow":["GET"]}}],"collection":[{"href":"https:\/\/carole-pascal.fr\/WORDPRESS\/wp-json\/wp\/v2\/pages"}],"about":[{"href":"https:\/\/carole-pascal.fr\/WORDPRESS\/wp-json\/wp\/v2\/types\/page"}],"author":[{"embeddable":true,"href":"https:\/\/carole-pascal.fr\/WORDPRESS\/wp-json\/wp\/v2\/users\/1"}],"replies":[{"embeddable":true,"href":"https:\/\/carole-pascal.fr\/WORDPRESS\/wp-json\/wp\/v2\/comments?post=35090"}],"version-history":[{"count":0,"href":"https:\/\/carole-pascal.fr\/WORDPRESS\/wp-json\/wp\/v2\/pages\/35090\/revisions"}],"wp:attachment":[{"href":"https:\/\/carole-pascal.fr\/WORDPRESS\/wp-json\/wp\/v2\/media?parent=35090"}],"curies":[{"name":"wp","href":"https:\/\/api.w.org\/{rel}","templated":true}]}}