{"id":35095,"date":"2024-04-30T16:32:12","date_gmt":"2024-04-30T14:32:12","guid":{"rendered":"https:\/\/carole-pascal.fr\/WORDPRESS\/?page_id=35095"},"modified":"2024-04-30T16:33:12","modified_gmt":"2024-04-30T14:33:12","slug":"etats-de-la-nouvelle-angleterre-etats-unis-vermont","status":"publish","type":"page","link":"https:\/\/carole-pascal.fr\/WORDPRESS\/etats-de-la-nouvelle-angleterre-etats-unis-vermont\/","title":{"rendered":"Etats de la Nouvelle-Angleterre (Etats-Unis) &#8211; Vermont"},"content":{"rendered":"\t\t<div data-elementor-type=\"wp-page\" data-elementor-id=\"35095\" class=\"elementor elementor-35095\">\n\t\t\t\t<div class=\"elementor-element elementor-element-3834e28f e-flex e-con-boxed e-con e-parent\" data-id=\"3834e28f\" data-element_type=\"container\" data-e-type=\"container\">\n\t\t\t\t\t<div class=\"e-con-inner\">\n\t\t\t\t<div class=\"elementor-element elementor-element-2d0c754f elementor-align-center elementor-widget elementor-widget-button\" data-id=\"2d0c754f\" data-element_type=\"widget\" data-e-type=\"widget\" data-widget_type=\"button.default\">\n\t\t\t\t<div class=\"elementor-widget-container\">\n\t\t\t\t\t\t\t\t\t<div class=\"elementor-button-wrapper\">\n\t\t\t\t\t<a class=\"elementor-button elementor-button-link elementor-size-sm\" href=\"https:\/\/carole-pascal.fr\/WORDPRESS\/etats-de-la-nouvelle-angleterre-etats-unis-10-au-24-octobre-2015\/\">\n\t\t\t\t\t\t<span class=\"elementor-button-content-wrapper\">\n\t\t\t\t\t\t\t\t\t<span class=\"elementor-button-text\">Revenir au menu pr\u00e9c\u00e9dent<\/span>\n\t\t\t\t\t<\/span>\n\t\t\t\t\t<\/a>\n\t\t\t\t<\/div>\n\t\t\t\t\t\t\t\t<\/div>\n\t\t\t\t<\/div>\n\t\t\t\t\t<\/div>\n\t\t\t\t<\/div>\n\t\t<div class=\"elementor-element elementor-element-d588377 e-flex e-con-boxed e-con e-parent\" data-id=\"d588377\" data-element_type=\"container\" data-e-type=\"container\">\n\t\t\t\t\t<div class=\"e-con-inner\">\n\t\t\t\t<div class=\"elementor-element elementor-element-2501d17 elementor-widget elementor-widget-text-editor\" data-id=\"2501d17\" data-element_type=\"widget\" data-e-type=\"widget\" data-widget_type=\"text-editor.default\">\n\t\t\t\t<div class=\"elementor-widget-container\">\n\t\t\t\t\t\t\t\t\t<p>Superficie : 24 887 km2, Population : 625 741 hab., Capitale : Montpelier, Surnom : Green Mountain State<\/p><p>Le Vermont est un \u00c9tat du nord-est des \u00c9tats-Unis. Sa capitale est Montpelier, et la plus grande ville est Burlington. Il est l&rsquo;un des plus petits \u00c9tats du pays, tant en termes de superficie que de population.<br \/>Tr\u00e8s rural, son territoire est recouvert \u00e0 75% de for\u00eats et seules sept villes d\u00e9passent les 10 000 habitants. Il est le seul \u00c9tat de la Nouvelle-Angleterre \u00e0 ne pas avoir acc\u00e8s \u00e0 l&rsquo;oc\u00e9an Atlantique. Il est bord\u00e9 au nord par la province canadienne du Qu\u00e9bec, \u00e0 l&rsquo;est par le New Hampshire (dont il est s\u00e9par\u00e9 par le fleuve Connecticut), au sud par le Massachusetts et \u00e0 l&rsquo;ouest par l&rsquo;\u00c9tat de New York.<br \/>Son climat est de type continental et ses paysages alternent entre vastes for\u00eats verdoyantes, \u00e9tendues lacustres (dont le lac Champlain) et Montagnes Vertes (Mont Mansfield, Mont Ellen).<\/p><p>La r\u00e9gion \u00e9tait peupl\u00e9e par les Iroquois et les Algonquins avant son exploration par Samuel de Champlain en 1609. L&rsquo;\u00c9tat fait alors partie de la Nouvelle-France. La France c\u00e8de le territoire au Royaume de Grande-Bretagne apr\u00e8s sa d\u00e9faite lors de la Guerre de Sept Ans (1763).<br \/>En 1777, durant la Guerre d&rsquo;ind\u00e9pendance des \u00c9tats-Unis, est fond\u00e9e la R\u00e9publique du Vermont, pr\u00e9lude \u00e0 l&rsquo;admission de l&rsquo;\u00c9tat dans l&rsquo;Union en 1791. Avec Hawa\u00ef, la Californie et le Texas, le Vermont est l&rsquo;un des quatre \u00c9tats am\u00e9ricains \u00e0 avoir \u00e9t\u00e9 un \u00c9tat souverain. Il fut en outre le premier \u00e0 abolir partiellement l&rsquo;esclavage. Son h\u00e9ritage colonial a perdur\u00e9 et un quart des habitants d\u00e9clare avoir des anc\u00eatres fran\u00e7ais.<\/p><p>Son \u00e9conomie repose aujourd&rsquo;hui essentiellement sur l&rsquo;agriculture et le tourisme. Le Vermont est notamment le principal producteur de sirop d&rsquo;\u00e9rable des \u00c9tats-Unis. Il compte \u00e9galement plus de cinquante parcs d&rsquo;\u00c9tat, dont la For\u00eat nationale de Green Mountain (zone prot\u00e9g\u00e9e), et m\u00e8ne de nombreuses actions de pr\u00e9servation de l&rsquo;environnement. En outre, le Vermont est consid\u00e9r\u00e9 comme l&rsquo;un des \u00c9tats les plus progressistes du pays. Le Parti r\u00e9publicain a longtemps domin\u00e9 la vie politique interne (de 1850 aux ann\u00e9es 1970), mais l&rsquo;urbanisation et l&rsquo;immigration en provenance de New York ou de Boston ont propag\u00e9 des id\u00e9es plus lib\u00e9rales. Il est aujourd&rsquo;hui un soutien ind\u00e9fectible du Parti d\u00e9mocrate.<\/p>\t\t\t\t\t\t\t\t<\/div>\n\t\t\t\t<\/div>\n\t\t\t\t\t<\/div>\n\t\t\t\t<\/div>\n\t\t<div class=\"elementor-element elementor-element-1cc60c2 e-flex e-con-boxed e-con e-parent\" data-id=\"1cc60c2\" data-element_type=\"container\" data-e-type=\"container\">\n\t\t\t\t\t<div class=\"e-con-inner\">\n\t\t\t\t<div class=\"elementor-element elementor-element-c940703 elementor-widget elementor-widget-image\" data-id=\"c940703\" data-element_type=\"widget\" data-e-type=\"widget\" data-widget_type=\"image.default\">\n\t\t\t\t<div class=\"elementor-widget-container\">\n\t\t\t\t\t\t\t\t\t\t\t\t\t\t\t<img fetchpriority=\"high\" width=\"286\" height=\"286\"  class=\"attachment-large size-large wp-image-35071 lws-optimize-lazyload\" alt=\"\" srcset=\"https:\/\/carole-pascal.fr\/WORDPRESS\/wp-content\/uploads\/2024\/04\/Vermont_state_seal.png 286w, https:\/\/carole-pascal.fr\/WORDPRESS\/wp-content\/uploads\/2024\/04\/Vermont_state_seal-150x150.png 150w\" sizes=\"(max-width: 286px) 100vw, 286px\" \/ data-src=\"https:\/\/carole-pascal.fr\/WORDPRESS\/wp-content\/uploads\/2024\/04\/Vermont_state_seal.png\">\t\t\t\t\t\t\t\t\t\t\t\t\t\t\t<\/div>\n\t\t\t\t<\/div>\n\t\t\t\t\t<\/div>\n\t\t\t\t<\/div>\n\t\t\t\t<\/div>\n\t\t","protected":false},"excerpt":{"rendered":"<p>Revenir au menu pr\u00e9c\u00e9dent Superficie : 24 887 km2, Population : 625 741 hab., Capitale : Montpelier, Surnom : Green Mountain State Le Vermont est un \u00c9tat du nord-est des \u00c9tats-Unis. Sa capitale est Montpelier, et la plus grande ville est Burlington. Il est l&rsquo;un des plus petits \u00c9tats du pays, tant en termes de [&hellip;]<\/p>\n","protected":false},"author":1,"featured_media":0,"parent":0,"menu_order":0,"comment_status":"closed","ping_status":"closed","template":"","meta":{"ocean_post_layout":"","ocean_both_sidebars_style":"","ocean_both_sidebars_content_width":0,"ocean_both_sidebars_sidebars_width":0,"ocean_sidebar":"","ocean_second_sidebar":"","ocean_disable_margins":"enable","ocean_add_body_class":"","ocean_shortcode_before_top_bar":"","ocean_shortcode_after_top_bar":"","ocean_shortcode_before_header":"","ocean_shortcode_after_header":"","ocean_has_shortcode":"","ocean_shortcode_after_title":"","ocean_shortcode_before_footer_widgets":"","ocean_shortcode_after_footer_widgets":"","ocean_shortcode_before_footer_bottom":"","ocean_shortcode_after_footer_bottom":"","ocean_display_top_bar":"default","ocean_display_header":"default","ocean_header_style":"","ocean_center_header_left_menu":"","ocean_custom_header_template":"","ocean_custom_logo":0,"ocean_custom_retina_logo":0,"ocean_custom_logo_max_width":0,"ocean_custom_logo_tablet_max_width":0,"ocean_custom_logo_mobile_max_width":0,"ocean_custom_logo_max_height":0,"ocean_custom_logo_tablet_max_height":0,"ocean_custom_logo_mobile_max_height":0,"ocean_header_custom_menu":"","ocean_menu_typo_font_family":"","ocean_menu_typo_font_subset":"","ocean_menu_typo_font_size":0,"ocean_menu_typo_font_size_tablet":0,"ocean_menu_typo_font_size_mobile":0,"ocean_menu_typo_font_size_unit":"px","ocean_menu_typo_font_weight":"","ocean_menu_typo_font_weight_tablet":"","ocean_menu_typo_font_weight_mobile":"","ocean_menu_typo_transform":"","ocean_menu_typo_transform_tablet":"","ocean_menu_typo_transform_mobile":"","ocean_menu_typo_line_height":0,"ocean_menu_typo_line_height_tablet":0,"ocean_menu_typo_line_height_mobile":0,"ocean_menu_typo_line_height_unit":"","ocean_menu_typo_spacing":0,"ocean_menu_typo_spacing_tablet":0,"ocean_menu_typo_spacing_mobile":0,"ocean_menu_typo_spacing_unit":"","ocean_menu_link_color":"","ocean_menu_link_color_hover":"","ocean_menu_link_color_active":"","ocean_menu_link_background":"","ocean_menu_link_hover_background":"","ocean_menu_link_active_background":"","ocean_menu_social_links_bg":"","ocean_menu_social_hover_links_bg":"","ocean_menu_social_links_color":"","ocean_menu_social_hover_links_color":"","ocean_disable_title":"default","ocean_disable_heading":"default","ocean_post_title":"","ocean_post_subheading":"","ocean_post_title_style":"","ocean_post_title_background_color":"","ocean_post_title_background":0,"ocean_post_title_bg_image_position":"","ocean_post_title_bg_image_attachment":"","ocean_post_title_bg_image_repeat":"","ocean_post_title_bg_image_size":"","ocean_post_title_height":0,"ocean_post_title_bg_overlay":0.5,"ocean_post_title_bg_overlay_color":"","ocean_disable_breadcrumbs":"default","ocean_breadcrumbs_color":"","ocean_breadcrumbs_separator_color":"","ocean_breadcrumbs_links_color":"","ocean_breadcrumbs_links_hover_color":"","ocean_display_footer_widgets":"default","ocean_display_footer_bottom":"default","ocean_custom_footer_template":"","footnotes":""},"class_list":["post-35095","page","type-page","status-publish","hentry","entry"],"_links":{"self":[{"href":"https:\/\/carole-pascal.fr\/WORDPRESS\/wp-json\/wp\/v2\/pages\/35095","targetHints":{"allow":["GET"]}}],"collection":[{"href":"https:\/\/carole-pascal.fr\/WORDPRESS\/wp-json\/wp\/v2\/pages"}],"about":[{"href":"https:\/\/carole-pascal.fr\/WORDPRESS\/wp-json\/wp\/v2\/types\/page"}],"author":[{"embeddable":true,"href":"https:\/\/carole-pascal.fr\/WORDPRESS\/wp-json\/wp\/v2\/users\/1"}],"replies":[{"embeddable":true,"href":"https:\/\/carole-pascal.fr\/WORDPRESS\/wp-json\/wp\/v2\/comments?post=35095"}],"version-history":[{"count":0,"href":"https:\/\/carole-pascal.fr\/WORDPRESS\/wp-json\/wp\/v2\/pages\/35095\/revisions"}],"wp:attachment":[{"href":"https:\/\/carole-pascal.fr\/WORDPRESS\/wp-json\/wp\/v2\/media?parent=35095"}],"curies":[{"name":"wp","href":"https:\/\/api.w.org\/{rel}","templated":true}]}}

<div data-elementor-type="wp-page" data-elementor-id="35095" class="elementor elementor-35095">
				<div class="elementor-element elementor-element-3834e28f e-flex e-con-boxed e-con e-parent" data-id="3834e28f" data-element_type="container" data-e-type="container">
					<div class="e-con-inner">
				<div class="elementor-element elementor-element-2d0c754f elementor-align-center elementor-widget elementor-widget-button" data-id="2d0c754f" data-element_type="widget" data-e-type="widget" data-widget_type="button.default">
				<div class="elementor-widget-container">
									<div class="elementor-button-wrapper">
					<a class="elementor-button elementor-button-link elementor-size-sm" href="https://carole-pascal.fr/WORDPRESS/etats-de-la-nouvelle-angleterre-etats-unis-10-au-24-octobre-2015/">
						<span class="elementor-button-content-wrapper">
									<span class="elementor-button-text">Revenir au menu précédent</span>
					</span>
					</a>
				</div>
								</div>
				</div>
					</div>
				</div>
		<div class="elementor-element elementor-element-d588377 e-flex e-con-boxed e-con e-parent" data-id="d588377" data-element_type="container" data-e-type="container">
					<div class="e-con-inner">
				<div class="elementor-element elementor-element-2501d17 elementor-widget elementor-widget-text-editor" data-id="2501d17" data-element_type="widget" data-e-type="widget" data-widget_type="text-editor.default">
				<div class="elementor-widget-container">
									<p>Superficie : 24 887 km2, Population : 625 741 hab., Capitale : Montpelier, Surnom : Green Mountain State</p><p>Le Vermont est un État du nord-est des États-Unis. Sa capitale est Montpelier, et la plus grande ville est Burlington. Il est l&rsquo;un des plus petits États du pays, tant en termes de superficie que de population.<br />Très rural, son territoire est recouvert à 75% de forêts et seules sept villes dépassent les 10 000 habitants. Il est le seul État de la Nouvelle-Angleterre à ne pas avoir accès à l&rsquo;océan Atlantique. Il est bordé au nord par la province canadienne du Québec, à l&rsquo;est par le New Hampshire (dont il est séparé par le fleuve Connecticut), au sud par le Massachusetts et à l&rsquo;ouest par l&rsquo;État de New York.<br />Son climat est de type continental et ses paysages alternent entre vastes forêts verdoyantes, étendues lacustres (dont le lac Champlain) et Montagnes Vertes (Mont Mansfield, Mont Ellen).</p><p>La région était peuplée par les Iroquois et les Algonquins avant son exploration par Samuel de Champlain en 1609. L&rsquo;État fait alors partie de la Nouvelle-France. La France cède le territoire au Royaume de Grande-Bretagne après sa défaite lors de la Guerre de Sept Ans (1763).<br />En 1777, durant la Guerre d&rsquo;indépendance des États-Unis, est fondée la République du Vermont, prélude à l&rsquo;admission de l&rsquo;État dans l&rsquo;Union en 1791. Avec Hawaï, la Californie et le Texas, le Vermont est l&rsquo;un des quatre États américains à avoir été un État souverain. Il fut en outre le premier à abolir partiellement l&rsquo;esclavage. Son héritage colonial a perduré et un quart des habitants déclare avoir des ancêtres français.</p><p>Son économie repose aujourd&rsquo;hui essentiellement sur l&rsquo;agriculture et le tourisme. Le Vermont est notamment le principal producteur de sirop d&rsquo;érable des États-Unis. Il compte également plus de cinquante parcs d&rsquo;État, dont la Forêt nationale de Green Mountain (zone protégée), et mène de nombreuses actions de préservation de l&rsquo;environnement. En outre, le Vermont est considéré comme l&rsquo;un des États les plus progressistes du pays. Le Parti républicain a longtemps dominé la vie politique interne (de 1850 aux années 1970), mais l&rsquo;urbanisation et l&rsquo;immigration en provenance de New York ou de Boston ont propagé des idées plus libérales. Il est aujourd&rsquo;hui un soutien indéfectible du Parti démocrate.</p>								</div>
				</div>
					</div>
				</div>
		<div class="elementor-element elementor-element-1cc60c2 e-flex e-con-boxed e-con e-parent" data-id="1cc60c2" data-element_type="container" data-e-type="container">
					<div class="e-con-inner">
				<div class="elementor-element elementor-element-c940703 elementor-widget elementor-widget-image" data-id="c940703" data-element_type="widget" data-e-type="widget" data-widget_type="image.default">
				<div class="elementor-widget-container">
															<img fetchpriority="high" width="286" height="286"  class="attachment-large size-large wp-image-35071 lws-optimize-lazyload" alt="" srcset="https://carole-pascal.fr/WORDPRESS/wp-content/uploads/2024/04/Vermont_state_seal.png 286w, https://carole-pascal.fr/WORDPRESS/wp-content/uploads/2024/04/Vermont_state_seal-150x150.png 150w" sizes="(max-width: 286px) 100vw, 286px" / data-src="https://carole-pascal.fr/WORDPRESS/wp-content/uploads/2024/04/Vermont_state_seal.png">															</div>
				</div>
					</div>
				</div>
				</div>

<p>Revenir au menu précédent Superficie : 24 887 km2, Population : 625 741 hab., Capitale : Montpelier, Surnom : Green Mountain State Le Vermont est un État du nord-est des États-Unis. Sa capitale est Montpelier, et la plus grande ville est Burlington. Il est l&rsquo;un des plus petits États du pays, tant en termes de [&hellip;]</p>
