{"id":35118,"date":"2024-04-30T16:39:21","date_gmt":"2024-04-30T14:39:21","guid":{"rendered":"https:\/\/carole-pascal.fr\/WORDPRESS\/?page_id=35118"},"modified":"2024-04-30T16:49:23","modified_gmt":"2024-04-30T14:49:23","slug":"etats-de-la-nouvelle-angleterre-etats-unis-10-au-24-octobre-2015-observations","status":"publish","type":"page","link":"https:\/\/carole-pascal.fr\/WORDPRESS\/etats-de-la-nouvelle-angleterre-etats-unis-10-au-24-octobre-2015-observations\/","title":{"rendered":"Etats de la Nouvelle-Angleterre (Etats-Unis) \u2013 10 au 24 octobre 2015 &#8211; Observations"},"content":{"rendered":"\t\t<div data-elementor-type=\"wp-page\" data-elementor-id=\"35118\" class=\"elementor elementor-35118\">\n\t\t\t\t<div class=\"elementor-element elementor-element-4dddc9de e-flex e-con-boxed e-con e-parent\" data-id=\"4dddc9de\" data-element_type=\"container\" data-e-type=\"container\">\n\t\t\t\t\t<div class=\"e-con-inner\">\n\t\t\t\t<div class=\"elementor-element elementor-element-1bcab09f elementor-align-center elementor-widget elementor-widget-button\" data-id=\"1bcab09f\" data-element_type=\"widget\" data-e-type=\"widget\" data-widget_type=\"button.default\">\n\t\t\t\t<div class=\"elementor-widget-container\">\n\t\t\t\t\t\t\t\t\t<div class=\"elementor-button-wrapper\">\n\t\t\t\t\t<a class=\"elementor-button elementor-button-link elementor-size-sm\" href=\"https:\/\/carole-pascal.fr\/WORDPRESS\/etats-de-la-nouvelle-angleterre-etats-unis-10-au-24-octobre-2015\/\">\n\t\t\t\t\t\t<span class=\"elementor-button-content-wrapper\">\n\t\t\t\t\t\t\t\t\t<span class=\"elementor-button-text\">Revenir au menu pr\u00e9c\u00e9dent<\/span>\n\t\t\t\t\t<\/span>\n\t\t\t\t\t<\/a>\n\t\t\t\t<\/div>\n\t\t\t\t\t\t\t\t<\/div>\n\t\t\t\t<\/div>\n\t\t\t\t\t<\/div>\n\t\t\t\t<\/div>\n\t\t<div class=\"elementor-element elementor-element-c939891 e-flex e-con-boxed e-con e-parent\" data-id=\"c939891\" data-element_type=\"container\" data-e-type=\"container\">\n\t\t\t\t\t<div class=\"e-con-inner\">\n\t\t\t\t<div class=\"elementor-element elementor-element-3450dd9 elementor-widget elementor-widget-text-editor\" data-id=\"3450dd9\" data-element_type=\"widget\" data-e-type=\"widget\" data-widget_type=\"text-editor.default\">\n\t\t\t\t<div class=\"elementor-widget-container\">\n\t\t\t\t\t\t\t\t\t<p><span style=\"text-decoration: underline;\">Sam 10 octobre 2015<\/span> : Grande aigrette, Grand h\u00e9ron, Cygnes tubercul\u00e9s, Bernaches du Canada, Canards Colvert, Canards noir, Erismatures roux, Canard carolin, 2 pluviers kildeer, 3 pics \u00e0 ventre roux, 2 pics chevelu, une dizaine de Geais bleus, Corneilles d&rsquo;am\u00e9rique, 1 m\u00e9sange noire, Sitelles \u00e0 poitrine blanche, Etourneaux, Bruants chanteur, Moineaux domestique<br \/>Ecureuil, Chipmunks<\/p><p><span style=\"text-decoration: underline;\">Dim 11 octobre 2015<\/span> : Cormorans \u00e0 aigrette, Grandes aigrettes, Bernaches du Canada, Canards colvert, Eiders \u00e0 duvet, 14 Grands chevaliers \u00e0 pates jaunes, 1 go\u00e9land \u00e0 bec cercl\u00e9, Go\u00e9lands argent\u00e9s, Go\u00e9lands \u00e0 manteau noir, Urubus \u00e0 t\u00eate rouge, 1 busard saint-martin, 1 pic en vol, 1 geai bleu, Corneilles d&rsquo;Am\u00e9rique, Etourneaux, 1 tohi \u00e0 flancs roux, 2 bruants chanteurs, Moineaux domestique<br \/>1 phoque, Ecureuil, Chipmunk<\/p><p><span style=\"text-decoration: underline;\">Lun 12 octobre 2015<\/span> : Fou de bassan, Cormorans \u00e0 aigrette, Grand h\u00e9rons, Bernaches du Canada, Canards colvert, Eiders \u00e0 duvet, Foulque d&rsquo;am\u00e9rique, Grands chevaliers \u00e0 pattes jaunes, 2 mouettes atricille, Go\u00e9lands \u00e0 bec cercl\u00e9, Go\u00e9lands argent\u00e9s, 2 Go\u00e9lands \u00e0 manteau noir, 1 guillemot de tro\u00efl, Urubus \u00e0 t\u00eate rouge, 1 buse \u00e0 queue rousse, 1 faucon \u00e9merillon, Dindons sauvages, Pigeons biset, 1 martin-p\u00eacheur d&rsquo;am\u00e9rique, Geais bleus, Corneilles d&rsquo;am\u00e9rique, Etourneaux, 1 paruline ?, Moineaux domestique<br \/>Papillons monarque<\/p><p><span style=\"text-decoration: underline;\">Mar 13 octobre 2015<\/span> : 3 plongeons imbrins, Cormorans \u00e0 aigrette, Go\u00e9lands \u00e0 bec cercl\u00e9, Go\u00e9lands argent\u00e9s, Go\u00e9lands \u00e0 manteau noir, une quinzaine de Guillemots \u00e0 miroir, 1 pic chevelu, Bruants chanteur, Moineaux domestique<\/p><p><span style=\"text-decoration: underline;\">Mer 14 octobre 2015<\/span> : Urubus \u00e0 t\u00eate rouge, Canards colvert<\/p><p><span style=\"text-decoration: underline;\">Jeu 15 octobre 2015<\/span> : 12 Harles bi\u00e8vre, Geais bleu, Canards colvert<\/p><p><span style=\"text-decoration: underline;\">Ven 16 octobre 2015<\/span> : 1 buse \u00e0 queue rousse, Geais<\/p><p><span style=\"text-decoration: underline;\">Sam 17 octobre 2015<\/span> : Buses \u00e0 queue rousse, Moineaux domestique, Etourneaux &#8211; Ecureuils<\/p><p><span style=\"text-decoration: underline;\">Dim 18 octobre 2015<\/span> : Go\u00e9lands \u00e0 bec cercl\u00e9, Moineaux domestique, Bernaches du Canada, 1 junco ardois\u00e9 (mort), Pioui de l&rsquo;est, 1 bruant \u00e0 gorge blanche &#8211; Ecureuils<\/p><p><span style=\"text-decoration: underline;\">Lun 19 octobre 2015<\/span> : Go\u00e9lands \u00e0 bec cercl\u00e9, Go\u00e9lands argent\u00e9s, Moineaux domestique, Cormoran \u00e0 aigrette, Etourneaux &#8211; Ecureuils<\/p><p><span style=\"text-decoration: underline;\">Mar 20 octobre 2015<\/span> : Puffins, Fous de bassan, Cormorants \u00e0 aigrette, Eiders \u00e0 duvet, Macreuses \u00e0 ailes blanches, Macreuses \u00e0 front blanc, 2 Pluviers argent\u00e9s, 4 b\u00e9casseaux sanderling, Labbes parasite, Mouettes atrycile, Mouettes rieuses, Go\u00e9lands \u00e0 bec cercl\u00e9, Go\u00e9lands argent\u00e9s, Go\u00e9lands \u00e0 manteau noir, Sternes pierregarin, 1 urubu \u00e0 t\u00eate rouge, Geais bleu, Corneilles d&rsquo;am\u00e9rique, 2 M\u00e9sanges bicolore, Etourneaux, Moineaux domestique, 1 cardinal rouge, Bruants (\u00e0 d\u00e9terminer), 1 bruant hudsonien, 1 chardonneret jaune<\/p><p><span style=\"text-decoration: underline;\">Mer 21 octobre 2015<\/span> : Urubu \u00e0 t\u00eate rouge, 1 cardinal (femelle), Moineaux domestique &#8211; Ecureuils<\/p><p><span style=\"text-decoration: underline;\">Jeu 22 octobre 2015<\/span> : Cormorans \u00e0 aigrette, 1 macreuse \u00e0 aile blanches (femelle), Eiders \u00e0 duvet (une trentaine), Mouettes atriciles, Go\u00e9lands \u00e0 bec cercl\u00e9, Go\u00e9lands argent\u00e9s, Go\u00e9lands \u00e0 manteaux noir, M\u00e9sange \u00e0 t\u00eate noire, 2 parulines \u00e0 croupion jaune, 1 cardinal rouge, Bruants chanteurs, Moineaux domestique &#8211; Ecureuils<\/p><p><span style=\"text-decoration: underline;\">Ven 23 octobre 2015<\/span> : Urubus \u00e0 t\u00eate rouge, Parulines \u00e0 croupion jaune<\/p><p><span style=\"text-decoration: underline;\">Sam 24 octobre 2015<\/span> : 2 plongeons imbrin, Bernaches du Canada, Canards colvert, Canards carolin, Eiders \u00e0 duvet, Pluviers semi-palm\u00e9s, B\u00e9casseaux sanderling, Go\u00e9lands \u00e0 bec cercl\u00e9, Go\u00e9lands argent\u00e9s, Go\u00e9lands \u00e0 manteau noir, 2 hirondelles bicolores, Geais bleu, Corneilles d&rsquo;Am\u00e9rique, 1 Roitelet \u00e0 couronne rubis, Merles d&rsquo;am\u00e9rique, 1 moqueur chat, 1 moqueur polyglotte, Etourneaux sansonnets, Parulines \u00e0 croupion jaune, 1 grive, 2 tohi \u00e0 flancs roux, Bruants chanteur, Bruants \u00e0 gorge blanche, Moineaux domestique<\/p>\t\t\t\t\t\t\t\t<\/div>\n\t\t\t\t<\/div>\n\t\t\t\t\t<\/div>\n\t\t\t\t<\/div>\n\t\t\t\t<\/div>\n\t\t","protected":false},"excerpt":{"rendered":"<p>Revenir au menu pr\u00e9c\u00e9dent Sam 10 octobre 2015 : Grande aigrette, Grand h\u00e9ron, Cygnes tubercul\u00e9s, Bernaches du Canada, Canards Colvert, Canards noir, Erismatures roux, Canard carolin, 2 pluviers kildeer, 3 pics \u00e0 ventre roux, 2 pics chevelu, une dizaine de Geais bleus, Corneilles d&rsquo;am\u00e9rique, 1 m\u00e9sange noire, Sitelles \u00e0 poitrine blanche, Etourneaux, Bruants chanteur, Moineaux [&hellip;]<\/p>\n","protected":false},"author":1,"featured_media":0,"parent":0,"menu_order":0,"comment_status":"closed","ping_status":"closed","template":"","meta":{"ocean_post_layout":"","ocean_both_sidebars_style":"","ocean_both_sidebars_content_width":0,"ocean_both_sidebars_sidebars_width":0,"ocean_sidebar":"","ocean_second_sidebar":"","ocean_disable_margins":"enable","ocean_add_body_class":"","ocean_shortcode_before_top_bar":"","ocean_shortcode_after_top_bar":"","ocean_shortcode_before_header":"","ocean_shortcode_after_header":"","ocean_has_shortcode":"","ocean_shortcode_after_title":"","ocean_shortcode_before_footer_widgets":"","ocean_shortcode_after_footer_widgets":"","ocean_shortcode_before_footer_bottom":"","ocean_shortcode_after_footer_bottom":"","ocean_display_top_bar":"default","ocean_display_header":"default","ocean_header_style":"","ocean_center_header_left_menu":"","ocean_custom_header_template":"","ocean_custom_logo":0,"ocean_custom_retina_logo":0,"ocean_custom_logo_max_width":0,"ocean_custom_logo_tablet_max_width":0,"ocean_custom_logo_mobile_max_width":0,"ocean_custom_logo_max_height":0,"ocean_custom_logo_tablet_max_height":0,"ocean_custom_logo_mobile_max_height":0,"ocean_header_custom_menu":"","ocean_menu_typo_font_family":"","ocean_menu_typo_font_subset":"","ocean_menu_typo_font_size":0,"ocean_menu_typo_font_size_tablet":0,"ocean_menu_typo_font_size_mobile":0,"ocean_menu_typo_font_size_unit":"px","ocean_menu_typo_font_weight":"","ocean_menu_typo_font_weight_tablet":"","ocean_menu_typo_font_weight_mobile":"","ocean_menu_typo_transform":"","ocean_menu_typo_transform_tablet":"","ocean_menu_typo_transform_mobile":"","ocean_menu_typo_line_height":0,"ocean_menu_typo_line_height_tablet":0,"ocean_menu_typo_line_height_mobile":0,"ocean_menu_typo_line_height_unit":"","ocean_menu_typo_spacing":0,"ocean_menu_typo_spacing_tablet":0,"ocean_menu_typo_spacing_mobile":0,"ocean_menu_typo_spacing_unit":"","ocean_menu_link_color":"","ocean_menu_link_color_hover":"","ocean_menu_link_color_active":"","ocean_menu_link_background":"","ocean_menu_link_hover_background":"","ocean_menu_link_active_background":"","ocean_menu_social_links_bg":"","ocean_menu_social_hover_links_bg":"","ocean_menu_social_links_color":"","ocean_menu_social_hover_links_color":"","ocean_disable_title":"default","ocean_disable_heading":"default","ocean_post_title":"","ocean_post_subheading":"","ocean_post_title_style":"","ocean_post_title_background_color":"","ocean_post_title_background":0,"ocean_post_title_bg_image_position":"","ocean_post_title_bg_image_attachment":"","ocean_post_title_bg_image_repeat":"","ocean_post_title_bg_image_size":"","ocean_post_title_height":0,"ocean_post_title_bg_overlay":0.5,"ocean_post_title_bg_overlay_color":"","ocean_disable_breadcrumbs":"default","ocean_breadcrumbs_color":"","ocean_breadcrumbs_separator_color":"","ocean_breadcrumbs_links_color":"","ocean_breadcrumbs_links_hover_color":"","ocean_display_footer_widgets":"default","ocean_display_footer_bottom":"default","ocean_custom_footer_template":"","footnotes":""},"class_list":["post-35118","page","type-page","status-publish","hentry","entry"],"_links":{"self":[{"href":"https:\/\/carole-pascal.fr\/WORDPRESS\/wp-json\/wp\/v2\/pages\/35118","targetHints":{"allow":["GET"]}}],"collection":[{"href":"https:\/\/carole-pascal.fr\/WORDPRESS\/wp-json\/wp\/v2\/pages"}],"about":[{"href":"https:\/\/carole-pascal.fr\/WORDPRESS\/wp-json\/wp\/v2\/types\/page"}],"author":[{"embeddable":true,"href":"https:\/\/carole-pascal.fr\/WORDPRESS\/wp-json\/wp\/v2\/users\/1"}],"replies":[{"embeddable":true,"href":"https:\/\/carole-pascal.fr\/WORDPRESS\/wp-json\/wp\/v2\/comments?post=35118"}],"version-history":[{"count":0,"href":"https:\/\/carole-pascal.fr\/WORDPRESS\/wp-json\/wp\/v2\/pages\/35118\/revisions"}],"wp:attachment":[{"href":"https:\/\/carole-pascal.fr\/WORDPRESS\/wp-json\/wp\/v2\/media?parent=35118"}],"curies":[{"name":"wp","href":"https:\/\/api.w.org\/{rel}","templated":true}]}}