{"id":43460,"date":"2024-07-07T17:40:00","date_gmt":"2024-07-07T15:40:00","guid":{"rendered":"https:\/\/carole-pascal.fr\/WORDPRESS\/?page_id=43460"},"modified":"2024-07-07T17:44:35","modified_gmt":"2024-07-07T15:44:35","slug":"australie-australie-meridionale","status":"publish","type":"page","link":"https:\/\/carole-pascal.fr\/WORDPRESS\/australie-australie-meridionale\/","title":{"rendered":"Australie &#8211; Australie m\u00e9ridionale"},"content":{"rendered":"\t\t<div data-elementor-type=\"wp-page\" data-elementor-id=\"43460\" class=\"elementor elementor-43460\">\n\t\t\t\t<div class=\"elementor-element elementor-element-3535af82 e-flex e-con-boxed e-con e-parent\" data-id=\"3535af82\" data-element_type=\"container\" data-e-type=\"container\">\n\t\t\t\t\t<div class=\"e-con-inner\">\n\t\t\t\t<div class=\"elementor-element elementor-element-4bc5b9a4 elementor-align-center elementor-widget elementor-widget-button\" data-id=\"4bc5b9a4\" data-element_type=\"widget\" data-e-type=\"widget\" data-widget_type=\"button.default\">\n\t\t\t\t<div class=\"elementor-widget-container\">\n\t\t\t\t\t\t\t\t\t<div class=\"elementor-button-wrapper\">\n\t\t\t\t\t<a class=\"elementor-button elementor-button-link elementor-size-sm\" href=\"https:\/\/carole-pascal.fr\/WORDPRESS\/australie-21-avril-au-17-juillet-2014\/\">\n\t\t\t\t\t\t<span class=\"elementor-button-content-wrapper\">\n\t\t\t\t\t\t\t\t\t<span class=\"elementor-button-text\">Revenir au menu pr\u00e9c\u00e9dent<\/span>\n\t\t\t\t\t<\/span>\n\t\t\t\t\t<\/a>\n\t\t\t\t<\/div>\n\t\t\t\t\t\t\t\t<\/div>\n\t\t\t\t<\/div>\n\t\t\t\t\t<\/div>\n\t\t\t\t<\/div>\n\t\t<div class=\"elementor-element elementor-element-89b022f e-flex e-con-boxed e-con e-parent\" data-id=\"89b022f\" data-element_type=\"container\" data-e-type=\"container\">\n\t\t\t\t\t<div class=\"e-con-inner\">\n\t\t\t\t<div class=\"elementor-element elementor-element-d91d0d7 elementor-widget elementor-widget-image\" data-id=\"d91d0d7\" data-element_type=\"widget\" data-e-type=\"widget\" data-widget_type=\"image.default\">\n\t\t\t\t<div class=\"elementor-widget-container\">\n\t\t\t\t\t\t\t\t\t\t\t\t\t\t\t<img fetchpriority=\"high\" width=\"432\" height=\"216\"  class=\"attachment-large size-large wp-image-42858 lws-optimize-lazyload\" alt=\"\" \/ data-src=\"https:\/\/carole-pascal.fr\/WORDPRESS\/wp-content\/uploads\/2024\/06\/South-Australia.gif\">\t\t\t\t\t\t\t\t\t\t\t\t\t\t\t<\/div>\n\t\t\t\t<\/div>\n\t\t\t\t\t<\/div>\n\t\t\t\t<\/div>\n\t\t<div class=\"elementor-element elementor-element-8121108 e-flex e-con-boxed e-con e-parent\" data-id=\"8121108\" data-element_type=\"container\" data-e-type=\"container\">\n\t\t\t\t\t<div class=\"e-con-inner\">\n\t\t\t\t<div class=\"elementor-element elementor-element-c955792 elementor-widget elementor-widget-text-editor\" data-id=\"c955792\" data-element_type=\"widget\" data-e-type=\"widget\" data-widget_type=\"text-editor.default\">\n\t\t\t\t<div class=\"elementor-widget-container\">\n\t\t\t\t\t\t\t\t\t<p><a href=\"https:\/\/carole-pascal.fr\/WORDPRESS\/wp-content\/uploads\/2024\/06\/south-australia-map.pdf\" target=\"_blank\" rel=\"noopener\">Carte<\/a><\/p><p>L&rsquo;Australie-M\u00e9ridionale (en anglais : South Australia, code : SA) est un \u00c9tat de l&rsquo;Australie situ\u00e9 au centre de la partie m\u00e9ridionale de l&rsquo;\u00eele principale. Il occupe quelques-unes des r\u00e9gions les plus d\u00e9sertiques de l&rsquo;\u00eele et avec une superficie de 984 377 km\u00b2, c&rsquo;est le quatri\u00e8me \u00c9tat par sa superficie d&rsquo;Australie. Il est bord\u00e9 \u00e0 l&rsquo;ouest par l&rsquo;Australie-Occidentale, au nord par le Territoire du Nord et le Queensland, \u00e0 l&rsquo;est par le Queensland, la Nouvelle-Galles du Sud et l&rsquo;\u00c9tat de Victoria et au sud par la grande baie australienne et l&rsquo;oc\u00e9an Indien \u2014 oc\u00e9an antarctique pour les australiens.<br \/>Avec 1,6 million d&rsquo;habitants, l&rsquo;\u00c9tat abrite moins de 10 % de la population australienne et se situe au cinqui\u00e8me rang des \u00c9tats australiens. La majorit\u00e9 de la population habite Ad\u00e9la\u00efde (1 140 000 habitants), la plupart des autres habitant les r\u00e9gions fertiles le long de la c\u00f4te sud-est et les rives du fleuve Murray.<br \/>Particularit\u00e9 unique des \u00c9tats australiens, c&rsquo;est le seul \u00c9tat qui n&rsquo;ait pas commenc\u00e9 son existence en accueillant des bagnards. Le d\u00e9but officiel de la colonisation date du 28 d\u00e9cembre 1836 quand la naissance de l&rsquo;\u00c9tat fut proclam\u00e9e \u00e0 \u00ab The Old Gum Tree \u00bb (\u00ab Le vieux gommier \u00bb) par le gouverneur Hindmarsh. Le principe premier de la colonie fut d&rsquo;appliquer la th\u00e9orie d&rsquo;Edouard Gibbon Wakefield qui souhaitait d\u00e9velopper une \u00e9conomie bas\u00e9e sur un \u00e9quilibre entre agriculteurs, artisans et financiers dans une province de libert\u00e9 et de tol\u00e9rance religieuse. L&rsquo;Australie-M\u00e9ridionale a \u00e9t\u00e9 souvent \u00e0 l&rsquo;avant-garde de la r\u00e9forme politique : en 1894, il devenu le deuxi\u00e8me pays au monde \u00e0 donner le droit de vote aux femmes ; et en 1976 il a nomm\u00e9 le premier indig\u00e8ne comme gouverneur d&rsquo;un \u00c9tat australien. L&rsquo;\u00e9conomie de l&rsquo;\u00c9tat est bas\u00e9e sur l&rsquo;agriculture, l&rsquo;industrie et l&rsquo;exploitation mini\u00e8re. Le secteur financier joue aussi un r\u00f4le non n\u00e9gligeable.<br \/>Le pays est constitu\u00e9 pour sa plus grande partie de vastes \u00e9tendues d\u00e9sertiques ou semi-d\u00e9sertiques avec plusieurs cha\u00eenes de montagnes dont les plus importantes sont les cha\u00eenes du Mont Lofty et Flinders qui s&rsquo;\u00e9tendent sur pr\u00e8s de 800 km depuis Cap Jervis au sud \u00e0 l&rsquo;extr\u00e9mit\u00e9 nord du lac Torrens et des lacs sal\u00e9s. Le point culminant de l&rsquo;\u00c9tat est le Mont Woodroffe (1 435 m\u00e8tres) dans les \u00ab Musgraves \u00bb \u00e0 l&rsquo;extr\u00eame nord-ouest du pays.<br \/>La partie sud-ouest de l&rsquo;\u00c9tat correspond \u00e0 la vaste plaine calcaire et tr\u00e8s d\u00e9sertique de Nullarbor dont les falaises surplombent la Grande baie australienne. L&rsquo;Australie-M\u00e9ridionale est frontali\u00e8re avec tous les autres \u00c9tats et territoires sauf le Territoire de la capitale australienne et la Tasmanie. La r\u00e9gion, connue sous le nom de Territoire du Nord, fut annex\u00e9e par l&rsquo;Australie-M\u00e9ridionale en 1863, toutefois en 1911 il devint un territoire distinct. La c\u00f4te sud de l&rsquo;Australie-M\u00e9ridionale est bord\u00e9e par l&rsquo;Oc\u00e9an Austral. L&rsquo;Australie-M\u00e9ridionale est caract\u00e9ris\u00e9e par un climat m\u00e9diterran\u00e9en pr\u00e8s des c\u00f4tes, avec des hivers doux et humides et des \u00e9t\u00e9s chauds et secs. Le climat devient de plus en plus aride vers le nord. La moyenne des temp\u00e9ratures est de 29 \u00b0C en janvier et de 15 \u00b0C en juillet.<\/p><p><span style=\"text-decoration: underline;\"><strong>Les parcs de l&rsquo;Australie m\u00e9ridionale que nous visiterons<\/strong><\/span><\/p><p><span style=\"text-decoration: underline;\">Parc national de Canunda<\/span> : Balay\u00e9e par les temp\u00eates hivernales qui se d\u00e9chainent sur l&rsquo;oc\u00e9an indien, la c\u00f4te sud-est de l&rsquo;Australie m\u00e9ridionale est sans conteste l&rsquo;une des plus sauvages du continent. En \u00e9t\u00e9, les temp\u00eates se calment mais d&rsquo;impressionnants rouleaux d\u00e9ferlent sur les plages de sable blanc, qui s&rsquo;\u00e9tendent \u00e0 l&rsquo;infini, ou viennent fracasser les rochers qui jalonnent cette c\u00f4te accident\u00e9e. Le parc national de Canunda, le plus vaste parc c\u00f4tier de la r\u00e9gion, couvre 9358 ha, principalement de grandes dunes et au nord des falaises calcaires d\u00e9chiquet\u00e9es qui surplombent de petites baies parsem\u00e9es de r\u00e9cifs.<\/p><p><span style=\"text-decoration: underline;\">Parc national de Coorong<\/span> : Prot\u00e9g\u00e9e des rouleaux de l&rsquo;oc\u00e9an indien par la p\u00e9ninsule de Younghusband, \u00e9troite langue de terre couverte de dunes, le Coorong est en fait un chapelet de lagunes peu profondes (moins de 3 m en moyenne), qui s&rsquo;\u00e9tendent au sud des lacs de l&#8217;embouchure de la Murray river. Plus on s&rsquo;\u00e9loigne, plus ces lagunes deviennent peu profondes et plus sal\u00e9es abritant des centaines d&rsquo;oiseaux.<\/p><p><span style=\"text-decoration: underline;\">Parc national de Murray River<\/span> : Ce parc abrite non seulement les richesses naturelles et une faune et une flore abondantes, mais aussi les vestiges de ses habitants d&rsquo;autrefois. Les aborig\u00e8nes de la tribu Erawirung peupl\u00e8rent en grande partie ces riches terres de chasse. Dans tout le parc, on observe monticules, arbres-cano\u00ebs, anneaux de pierre de c\u00e9r\u00e9monie, ainsi que des s\u00e9pultures, des objets et d\u00e9bris de pierre.<\/p><p><span style=\"text-decoration: underline;\">Parc de conservation de Cape Gantheaume<\/span> : Ce vaste parc se d\u00e9ploie sur la c\u00f4te sud de Kangaroo Island \u00e0 190 km au sud de Adela\u00efde. Il englobe une grande \u00e9tendue sauvage et un littoral sp\u00e9ctaculaire et r\u00e9cul\u00e9. Le Murray Lagoon, la plus grande lagune de Kangaroo Island, acceuille de nombreux oiseaux dont des cygnes et des canards.<\/p><p><span style=\"text-decoration: underline;\">Parc de conservation de Seal Bay<\/span> : Seal Bay, sur Kangaroo island est l&rsquo;un des meilleurs sites au monde pour observer de pr\u00e8s les lions de mer et les otaries \u00e0 fourrure. La large plage de sable blanc de Seal Bay abrite des dizaines de ces animaux superbes et \u00e9tonnamment peu farouches.<\/p>\t\t\t\t\t\t\t\t<\/div>\n\t\t\t\t<\/div>\n\t\t\t\t\t<\/div>\n\t\t\t\t<\/div>\n\t\t\t\t<\/div>\n\t\t","protected":false},"excerpt":{"rendered":"<p>Revenir au menu pr\u00e9c\u00e9dent Carte L&rsquo;Australie-M\u00e9ridionale (en anglais : South Australia, code : SA) est un \u00c9tat de l&rsquo;Australie situ\u00e9 au centre de la partie m\u00e9ridionale de l&rsquo;\u00eele principale. Il occupe quelques-unes des r\u00e9gions les plus d\u00e9sertiques de l&rsquo;\u00eele et avec une superficie de 984 377 km\u00b2, c&rsquo;est le quatri\u00e8me \u00c9tat par sa superficie d&rsquo;Australie. [&hellip;]<\/p>\n","protected":false},"author":1,"featured_media":0,"parent":0,"menu_order":0,"comment_status":"closed","ping_status":"closed","template":"","meta":{"ocean_post_layout":"","ocean_both_sidebars_style":"","ocean_both_sidebars_content_width":0,"ocean_both_sidebars_sidebars_width":0,"ocean_sidebar":"","ocean_second_sidebar":"","ocean_disable_margins":"enable","ocean_add_body_class":"","ocean_shortcode_before_top_bar":"","ocean_shortcode_after_top_bar":"","ocean_shortcode_before_header":"","ocean_shortcode_after_header":"","ocean_has_shortcode":"","ocean_shortcode_after_title":"","ocean_shortcode_before_footer_widgets":"","ocean_shortcode_after_footer_widgets":"","ocean_shortcode_before_footer_bottom":"","ocean_shortcode_after_footer_bottom":"","ocean_display_top_bar":"default","ocean_display_header":"default","ocean_header_style":"","ocean_center_header_left_menu":"","ocean_custom_header_template":"","ocean_custom_logo":0,"ocean_custom_retina_logo":0,"ocean_custom_logo_max_width":0,"ocean_custom_logo_tablet_max_width":0,"ocean_custom_logo_mobile_max_width":0,"ocean_custom_logo_max_height":0,"ocean_custom_logo_tablet_max_height":0,"ocean_custom_logo_mobile_max_height":0,"ocean_header_custom_menu":"","ocean_menu_typo_font_family":"","ocean_menu_typo_font_subset":"","ocean_menu_typo_font_size":0,"ocean_menu_typo_font_size_tablet":0,"ocean_menu_typo_font_size_mobile":0,"ocean_menu_typo_font_size_unit":"px","ocean_menu_typo_font_weight":"","ocean_menu_typo_font_weight_tablet":"","ocean_menu_typo_font_weight_mobile":"","ocean_menu_typo_transform":"","ocean_menu_typo_transform_tablet":"","ocean_menu_typo_transform_mobile":"","ocean_menu_typo_line_height":0,"ocean_menu_typo_line_height_tablet":0,"ocean_menu_typo_line_height_mobile":0,"ocean_menu_typo_line_height_unit":"","ocean_menu_typo_spacing":0,"ocean_menu_typo_spacing_tablet":0,"ocean_menu_typo_spacing_mobile":0,"ocean_menu_typo_spacing_unit":"","ocean_menu_link_color":"","ocean_menu_link_color_hover":"","ocean_menu_link_color_active":"","ocean_menu_link_background":"","ocean_menu_link_hover_background":"","ocean_menu_link_active_background":"","ocean_menu_social_links_bg":"","ocean_menu_social_hover_links_bg":"","ocean_menu_social_links_color":"","ocean_menu_social_hover_links_color":"","ocean_disable_title":"default","ocean_disable_heading":"default","ocean_post_title":"","ocean_post_subheading":"","ocean_post_title_style":"","ocean_post_title_background_color":"","ocean_post_title_background":0,"ocean_post_title_bg_image_position":"","ocean_post_title_bg_image_attachment":"","ocean_post_title_bg_image_repeat":"","ocean_post_title_bg_image_size":"","ocean_post_title_height":0,"ocean_post_title_bg_overlay":0.5,"ocean_post_title_bg_overlay_color":"","ocean_disable_breadcrumbs":"default","ocean_breadcrumbs_color":"","ocean_breadcrumbs_separator_color":"","ocean_breadcrumbs_links_color":"","ocean_breadcrumbs_links_hover_color":"","ocean_display_footer_widgets":"default","ocean_display_footer_bottom":"default","ocean_custom_footer_template":"","footnotes":""},"class_list":["post-43460","page","type-page","status-publish","hentry","entry"],"_links":{"self":[{"href":"https:\/\/carole-pascal.fr\/WORDPRESS\/wp-json\/wp\/v2\/pages\/43460","targetHints":{"allow":["GET"]}}],"collection":[{"href":"https:\/\/carole-pascal.fr\/WORDPRESS\/wp-json\/wp\/v2\/pages"}],"about":[{"href":"https:\/\/carole-pascal.fr\/WORDPRESS\/wp-json\/wp\/v2\/types\/page"}],"author":[{"embeddable":true,"href":"https:\/\/carole-pascal.fr\/WORDPRESS\/wp-json\/wp\/v2\/users\/1"}],"replies":[{"embeddable":true,"href":"https:\/\/carole-pascal.fr\/WORDPRESS\/wp-json\/wp\/v2\/comments?post=43460"}],"version-history":[{"count":0,"href":"https:\/\/carole-pascal.fr\/WORDPRESS\/wp-json\/wp\/v2\/pages\/43460\/revisions"}],"wp:attachment":[{"href":"https:\/\/carole-pascal.fr\/WORDPRESS\/wp-json\/wp\/v2\/media?parent=43460"}],"curies":[{"name":"wp","href":"https:\/\/api.w.org\/{rel}","templated":true}]}}