{"id":43470,"date":"2024-07-07T17:49:44","date_gmt":"2024-07-07T15:49:44","guid":{"rendered":"https:\/\/carole-pascal.fr\/WORDPRESS\/?page_id=43470"},"modified":"2024-07-07T17:52:09","modified_gmt":"2024-07-07T15:52:09","slug":"australie-queensland","status":"publish","type":"page","link":"https:\/\/carole-pascal.fr\/WORDPRESS\/australie-queensland\/","title":{"rendered":"Australie &#8211; Queensland"},"content":{"rendered":"\t\t<div data-elementor-type=\"wp-page\" data-elementor-id=\"43470\" class=\"elementor elementor-43470\">\n\t\t\t\t<div class=\"elementor-element elementor-element-5a433762 e-flex e-con-boxed e-con e-parent\" data-id=\"5a433762\" data-element_type=\"container\" data-e-type=\"container\">\n\t\t\t\t\t<div class=\"e-con-inner\">\n\t\t\t\t<div class=\"elementor-element elementor-element-16441b51 elementor-align-center elementor-widget elementor-widget-button\" data-id=\"16441b51\" data-element_type=\"widget\" data-e-type=\"widget\" data-widget_type=\"button.default\">\n\t\t\t\t<div class=\"elementor-widget-container\">\n\t\t\t\t\t\t\t\t\t<div class=\"elementor-button-wrapper\">\n\t\t\t\t\t<a class=\"elementor-button elementor-button-link elementor-size-sm\" href=\"https:\/\/carole-pascal.fr\/WORDPRESS\/australie-21-avril-au-17-juillet-2014\/\">\n\t\t\t\t\t\t<span class=\"elementor-button-content-wrapper\">\n\t\t\t\t\t\t\t\t\t<span class=\"elementor-button-text\">Revenir au menu pr\u00e9c\u00e9dent<\/span>\n\t\t\t\t\t<\/span>\n\t\t\t\t\t<\/a>\n\t\t\t\t<\/div>\n\t\t\t\t\t\t\t\t<\/div>\n\t\t\t\t<\/div>\n\t\t\t\t\t<\/div>\n\t\t\t\t<\/div>\n\t\t<div class=\"elementor-element elementor-element-e52dc94 e-flex e-con-boxed e-con e-parent\" data-id=\"e52dc94\" data-element_type=\"container\" data-e-type=\"container\">\n\t\t\t\t\t<div class=\"e-con-inner\">\n\t\t\t\t<div class=\"elementor-element elementor-element-272da3c elementor-widget elementor-widget-image\" data-id=\"272da3c\" data-element_type=\"widget\" data-e-type=\"widget\" data-widget_type=\"image.default\">\n\t\t\t\t<div class=\"elementor-widget-container\">\n\t\t\t\t\t\t\t\t\t\t\t\t\t\t\t<img fetchpriority=\"high\" width=\"432\" height=\"216\"  class=\"attachment-large size-large wp-image-42850 lws-optimize-lazyload\" alt=\"\" \/ data-src=\"https:\/\/carole-pascal.fr\/WORDPRESS\/wp-content\/uploads\/2024\/06\/Queensland.gif\">\t\t\t\t\t\t\t\t\t\t\t\t\t\t\t<\/div>\n\t\t\t\t<\/div>\n\t\t\t\t\t<\/div>\n\t\t\t\t<\/div>\n\t\t<div class=\"elementor-element elementor-element-19c3553 e-flex e-con-boxed e-con e-parent\" data-id=\"19c3553\" data-element_type=\"container\" data-e-type=\"container\">\n\t\t\t\t\t<div class=\"e-con-inner\">\n\t\t\t\t<div class=\"elementor-element elementor-element-d80c084 elementor-widget elementor-widget-text-editor\" data-id=\"d80c084\" data-element_type=\"widget\" data-e-type=\"widget\" data-widget_type=\"text-editor.default\">\n\t\t\t\t<div class=\"elementor-widget-container\">\n\t\t\t\t\t\t\t\t\t<p><a href=\"https:\/\/carole-pascal.fr\/WORDPRESS\/wp-content\/uploads\/2024\/06\/queensland-map.pdf\" target=\"_blank\" rel=\"noopener\">Carte<\/a><\/p><p>Le Queensland est le deuxi\u00e8me plus grand \u00c9tat de l&rsquo;Australie par la superficie, le troisi\u00e8me par la population. Il se trouve au nord de la Nouvelle-Galles du Sud et \u00e0 l&rsquo;est du Territoire du Nord. L\u2019\u00c9tat est bord\u00e9 par la mer de Corail et l&rsquo;oc\u00e9an Pacifique. Sa capitale est Brisbane.<br \/>C&rsquo;est le seul \u00c9tat australien poss\u00e9dant un parlement monocam\u00e9ral. Les premi\u00e8res populations \u00e0 habiter la r\u00e9gion \u00e9taient les Aborig\u00e8nes d&rsquo;Australie et les Indig\u00e8nes du d\u00e9troit de Torr\u00e8s, qui arriv\u00e8rent il y a 40 000 et 65 000 ans, d&rsquo;apr\u00e8s plusieurs techniques de datation. Quelques centaines de si\u00e8cles plus tard le Queensland devint une colonie de la couronne britannique qui fut s\u00e9par\u00e9e de la Nouvelle-Galles du Sud le 6 juin 1859, une date qui est c\u00e9l\u00e9br\u00e9e chaque ann\u00e9e comme le Queensland Day. La zone que couvre actuellement la ville de Brisbane \u00e9tait originellement le bagne de la baie Moreton, o\u00f9 se trouvaient les r\u00e9cidivistes condamn\u00e9s (ceux qui avaient commis un d\u00e9lit lors de leur p\u00e9riode d&rsquo;ex\u00e9cution de la sentence en Nouvelle-Galles du Sud). L&rsquo;\u00c9tat encouragea plus tard le libre \u00e9tablissement des personnes.<br \/>Aujourd&rsquo;hui l&rsquo;\u00e9conomie du Queensland est domin\u00e9e par les secteurs de l&rsquo;agriculture, du tourisme et des ressources naturelles. La population est essentiellement regroup\u00e9e au sud-est du Queensland, qui inclut la capitale Brisbane, Logan City, Ipswich, Toowoomba et les Gold et Sunshine Coasts. Les principaux autres centres r\u00e9gionaux sont Cairns, Townsville, Mackay, Rockhampton, Bundaberg, Hervey Bay et Mount Isa. Le Queensland est souvent surnomm\u00e9 le Sunshine State (\u00ab \u00c9tat ensoleill\u00e9 \u00bb), puisque son climat est chaud et qu&rsquo;une bonne partie se trouve sous les tropiques. Les habitants du Queensland sont famili\u00e8rement appel\u00e9s les \u00ab Banana Benders \u00bb ou \u00ab Canetoads \u00bb, respectivement \u00e0 cause des anciennes plantations de bananes sous les tropiques et \u00e0 cause du d\u00e9sastre environnemental qui a eu lieu lorsque des crapauds buffles (cane toad) ont \u00e9t\u00e9 import\u00e9s pour se d\u00e9barrasser du scarab\u00e9e de la canne \u00e0 sucre qui d\u00e9vastait les champs de canne.<br \/>Le Queensland est bord\u00e9 au nord par le d\u00e9troit de Torres avec l&rsquo;\u00eele Boigu au large des c\u00f4tes de Nouvelle-Guin\u00e9e qui est le point peupl\u00e9 le plus au nord du territoire. La p\u00e9ninsule du cap York qui pointe vers la Nouvelle-Guin\u00e9e est la partie la plus au nord du continent. La c\u00f4te ouest de la p\u00e9ninsule est bord\u00e9e par le golfe de Carpentarie, tandis que la c\u00f4te est est bord\u00e9e par la mer de Corail qui fait partie de l&rsquo;oc\u00e9an Pacifique (qui constitue la fronti\u00e8re est de l&rsquo;\u00c9tat).<br \/>La capitale de l&rsquo;\u00c9tat, Brisbane, est situ\u00e9e sur la c\u00f4te \u00e0 100 km de route au nord de la fronti\u00e8re de la Nouvelle-Galles du Sud.<br \/>Le sud de l&rsquo;\u00c9tat connait un climat subtropical humide et le nord un climat tropical. Mais \u00e0 cause de sa taille il y a des variations significatives du climat \u00e0 travers l&rsquo;\u00c9tat. Des chutes de pluie et des \u00e9t\u00e9s chauds sont typiques de l&rsquo;int\u00e9rieur des terres \u00e0 l&rsquo;ouest, une saison humide des moussons dans le nord, et des conditions temp\u00e9r\u00e9es chaudes le long de la bande c\u00f4ti\u00e8re.<\/p><p><span style=\"text-decoration: underline;\"><strong>Les parcs du Queensland que nous visiterons<\/strong><\/span><\/p><p><span style=\"text-decoration: underline;\">Parc Brisbane forest<\/span> : Cette superbe r\u00e9serve foresti\u00e8re se trouve \u00e0 deux pas de Brisbane. Le parc qui couvre une zone de 29500 ha consiste en quatre petits parcs nationaux, un parc environmental, une for\u00eat d&rsquo;\u00e9tat et une r\u00e9serve municipale. Ici cohabitent plusieurs \u00e9cosyst\u00e8mes: for\u00eat tropicale, for\u00eat claire d&rsquo;eucalyptus, lacs et petits cours d&rsquo;eau.<\/p><p><span style=\"text-decoration: underline;\">Parc national de Girraween<\/span> : Situ\u00e9 dans une r\u00e9gion granitique accident\u00e9e \u00e0 260 km au sud-ouest de Brisbane sur la fronti\u00e8re avec la Nouvelle-Galles du sud, Girraween avec ses 11300 ha est le paradis des amoureux de la faune, de la flore et des grands espaces.<\/p><p><span style=\"text-decoration: underline;\">Parc national de Lamington<\/span> : Les vall\u00e9es embrum\u00e9es et les for\u00eats tropicales tapissant les cr\u00eates du parc sont connues de tous les amoureux de la nature depuis plus de 80 ans. On est tr\u00e9s vite happ\u00e9e par cet univers intemporel o\u00f9 r\u00e8gnent figuiers \u00e9trangleurs, lianes, mousses et cours d&rsquo;eau rageurs. Lamington est r\u00e9put\u00e9 aurp\u00e8s de tous les ornithologues. Le parc abrite il est vrai certaines des esp\u00e8ces les plus rares et les plus color\u00e9es d&rsquo;Australie.<\/p><p><span style=\"text-decoration: underline;\">Parc national Sundown<\/span> : Ce parc fut fond\u00e9 \u00e0 la fin des ann\u00e9es 70 sur les terres d&rsquo;\u00e9levages d&rsquo;ovins. Un paysage tourment\u00e9 de ravines abruptes, de cr\u00e8tes \u00e9rod\u00e9es, de gorges et de cuvettes fait du parc la destination privil\u00e9gi\u00e9e de tous les nostalgiques d&rsquo;une nature authentique.<\/p><p><span style=\"text-decoration: underline;\">Parc national de Springbrook<\/span> : Paisibles rivi\u00e8res de montagne, h\u00eatres de l&rsquo;Antarctique noueux, for\u00eat tropicale dense et chutes vertigineuses : ce d\u00e9cor idyllique fait de Springbrook l&rsquo;un des parcs les plus s\u00e9duisants du sud-est de l&rsquo;\u00e9tat. Juch\u00e9 \u00e0 900 m d&rsquo;altitude sur un plateau de l&rsquo;arri\u00e8re pays, Springbrook est un v\u00e9ritable sanctuaire pour de multiples esp\u00e8ces d&rsquo;oiseaux menac\u00e9es d&rsquo;extinction dans cette r\u00e9gion soumise \u00e0 la d\u00e9forestation.<\/p><p><span style=\"text-decoration: underline;\">Parcs nationaux de Tamborine Mountains<\/span> : C&rsquo;est la fusion de sept petits parcs qui a donn\u00e9 naissance aux parcs nationaux de Tamborine Mountains \u00e0 75 km au sud de Brisbane. Ces petits espaces participent \u00e0 la pr\u00e9servation des vestiges des for\u00eats tropicales et for\u00eats d&rsquo;eucalyptus originelles<\/p>\t\t\t\t\t\t\t\t<\/div>\n\t\t\t\t<\/div>\n\t\t\t\t\t<\/div>\n\t\t\t\t<\/div>\n\t\t\t\t<\/div>\n\t\t","protected":false},"excerpt":{"rendered":"<p>Revenir au menu pr\u00e9c\u00e9dent Carte Le Queensland est le deuxi\u00e8me plus grand \u00c9tat de l&rsquo;Australie par la superficie, le troisi\u00e8me par la population. Il se trouve au nord de la Nouvelle-Galles du Sud et \u00e0 l&rsquo;est du Territoire du Nord. L\u2019\u00c9tat est bord\u00e9 par la mer de Corail et l&rsquo;oc\u00e9an Pacifique. Sa capitale est Brisbane.C&rsquo;est [&hellip;]<\/p>\n","protected":false},"author":1,"featured_media":0,"parent":0,"menu_order":0,"comment_status":"closed","ping_status":"closed","template":"","meta":{"ocean_post_layout":"","ocean_both_sidebars_style":"","ocean_both_sidebars_content_width":0,"ocean_both_sidebars_sidebars_width":0,"ocean_sidebar":"","ocean_second_sidebar":"","ocean_disable_margins":"enable","ocean_add_body_class":"","ocean_shortcode_before_top_bar":"","ocean_shortcode_after_top_bar":"","ocean_shortcode_before_header":"","ocean_shortcode_after_header":"","ocean_has_shortcode":"","ocean_shortcode_after_title":"","ocean_shortcode_before_footer_widgets":"","ocean_shortcode_after_footer_widgets":"","ocean_shortcode_before_footer_bottom":"","ocean_shortcode_after_footer_bottom":"","ocean_display_top_bar":"default","ocean_display_header":"default","ocean_header_style":"","ocean_center_header_left_menu":"","ocean_custom_header_template":"","ocean_custom_logo":0,"ocean_custom_retina_logo":0,"ocean_custom_logo_max_width":0,"ocean_custom_logo_tablet_max_width":0,"ocean_custom_logo_mobile_max_width":0,"ocean_custom_logo_max_height":0,"ocean_custom_logo_tablet_max_height":0,"ocean_custom_logo_mobile_max_height":0,"ocean_header_custom_menu":"","ocean_menu_typo_font_family":"","ocean_menu_typo_font_subset":"","ocean_menu_typo_font_size":0,"ocean_menu_typo_font_size_tablet":0,"ocean_menu_typo_font_size_mobile":0,"ocean_menu_typo_font_size_unit":"px","ocean_menu_typo_font_weight":"","ocean_menu_typo_font_weight_tablet":"","ocean_menu_typo_font_weight_mobile":"","ocean_menu_typo_transform":"","ocean_menu_typo_transform_tablet":"","ocean_menu_typo_transform_mobile":"","ocean_menu_typo_line_height":0,"ocean_menu_typo_line_height_tablet":0,"ocean_menu_typo_line_height_mobile":0,"ocean_menu_typo_line_height_unit":"","ocean_menu_typo_spacing":0,"ocean_menu_typo_spacing_tablet":0,"ocean_menu_typo_spacing_mobile":0,"ocean_menu_typo_spacing_unit":"","ocean_menu_link_color":"","ocean_menu_link_color_hover":"","ocean_menu_link_color_active":"","ocean_menu_link_background":"","ocean_menu_link_hover_background":"","ocean_menu_link_active_background":"","ocean_menu_social_links_bg":"","ocean_menu_social_hover_links_bg":"","ocean_menu_social_links_color":"","ocean_menu_social_hover_links_color":"","ocean_disable_title":"default","ocean_disable_heading":"default","ocean_post_title":"","ocean_post_subheading":"","ocean_post_title_style":"","ocean_post_title_background_color":"","ocean_post_title_background":0,"ocean_post_title_bg_image_position":"","ocean_post_title_bg_image_attachment":"","ocean_post_title_bg_image_repeat":"","ocean_post_title_bg_image_size":"","ocean_post_title_height":0,"ocean_post_title_bg_overlay":0.5,"ocean_post_title_bg_overlay_color":"","ocean_disable_breadcrumbs":"default","ocean_breadcrumbs_color":"","ocean_breadcrumbs_separator_color":"","ocean_breadcrumbs_links_color":"","ocean_breadcrumbs_links_hover_color":"","ocean_display_footer_widgets":"default","ocean_display_footer_bottom":"default","ocean_custom_footer_template":"","footnotes":""},"class_list":["post-43470","page","type-page","status-publish","hentry","entry"],"_links":{"self":[{"href":"https:\/\/carole-pascal.fr\/WORDPRESS\/wp-json\/wp\/v2\/pages\/43470","targetHints":{"allow":["GET"]}}],"collection":[{"href":"https:\/\/carole-pascal.fr\/WORDPRESS\/wp-json\/wp\/v2\/pages"}],"about":[{"href":"https:\/\/carole-pascal.fr\/WORDPRESS\/wp-json\/wp\/v2\/types\/page"}],"author":[{"embeddable":true,"href":"https:\/\/carole-pascal.fr\/WORDPRESS\/wp-json\/wp\/v2\/users\/1"}],"replies":[{"embeddable":true,"href":"https:\/\/carole-pascal.fr\/WORDPRESS\/wp-json\/wp\/v2\/comments?post=43470"}],"version-history":[{"count":0,"href":"https:\/\/carole-pascal.fr\/WORDPRESS\/wp-json\/wp\/v2\/pages\/43470\/revisions"}],"wp:attachment":[{"href":"https:\/\/carole-pascal.fr\/WORDPRESS\/wp-json\/wp\/v2\/media?parent=43470"}],"curies":[{"name":"wp","href":"https:\/\/api.w.org\/{rel}","templated":true}]}}