{"id":43514,"date":"2024-07-08T16:17:05","date_gmt":"2024-07-08T14:17:05","guid":{"rendered":"https:\/\/carole-pascal.fr\/WORDPRESS\/?page_id=43514"},"modified":"2025-02-08T15:14:01","modified_gmt":"2025-02-08T14:14:01","slug":"australie-observations-de-tasmanie-21-avril-au-05-mai-2014","status":"publish","type":"page","link":"https:\/\/carole-pascal.fr\/WORDPRESS\/australie-observations-de-tasmanie-21-avril-au-05-mai-2014\/","title":{"rendered":"Australie &#8211; Observations de TASMANIE &#8211; 21 avril au 05 mai 2014"},"content":{"rendered":"\t\t<div data-elementor-type=\"wp-page\" data-elementor-id=\"43514\" class=\"elementor elementor-43514\">\n\t\t\t\t<div class=\"elementor-element elementor-element-780ac45c e-flex e-con-boxed e-con e-parent\" data-id=\"780ac45c\" data-element_type=\"container\" data-e-type=\"container\">\n\t\t\t\t\t<div class=\"e-con-inner\">\n\t\t\t\t<div class=\"elementor-element elementor-element-666bb763 elementor-align-center elementor-widget elementor-widget-button\" data-id=\"666bb763\" data-element_type=\"widget\" data-e-type=\"widget\" data-widget_type=\"button.default\">\n\t\t\t\t<div class=\"elementor-widget-container\">\n\t\t\t\t\t\t\t\t\t<div class=\"elementor-button-wrapper\">\n\t\t\t\t\t<a class=\"elementor-button elementor-button-link elementor-size-sm\" href=\"https:\/\/carole-pascal.fr\/WORDPRESS\/australie-21-avril-au-17-juillet-2014\/\">\n\t\t\t\t\t\t<span class=\"elementor-button-content-wrapper\">\n\t\t\t\t\t\t\t\t\t<span class=\"elementor-button-text\">Revenir au menu pr\u00e9c\u00e9dent<\/span>\n\t\t\t\t\t<\/span>\n\t\t\t\t\t<\/a>\n\t\t\t\t<\/div>\n\t\t\t\t\t\t\t\t<\/div>\n\t\t\t\t<\/div>\n\t\t\t\t\t<\/div>\n\t\t\t\t<\/div>\n\t\t<div class=\"elementor-element elementor-element-e07523e e-flex e-con-boxed e-con e-parent\" data-id=\"e07523e\" data-element_type=\"container\" data-e-type=\"container\">\n\t\t\t\t\t<div class=\"e-con-inner\">\n\t\t\t\t<div class=\"elementor-element elementor-element-77ba87e elementor-widget elementor-widget-text-editor\" data-id=\"77ba87e\" data-element_type=\"widget\" data-e-type=\"widget\" data-widget_type=\"text-editor.default\">\n\t\t\t\t<div class=\"elementor-widget-container\">\n\t\t\t\t\t\t\t\t\t<p>22.04.2014 (Hobart &#8211; Bruny island) : <a href=\"https:\/\/carole-pascal.fr\/WORDPRESS\/wp-content\/uploads\/2024\/06\/2014-04-22.pdf\" target=\"_blank\" rel=\"noopener\">Liste oiseaux<\/a><br \/>23.04.2014 (Bruny island) : <a href=\"https:\/\/carole-pascal.fr\/WORDPRESS\/wp-content\/uploads\/2024\/06\/2014-04-23.pdf\" target=\"_blank\" rel=\"noopener\">Liste oiseaux<\/a>, 1 baleine bleue, Dauphins communs, Otaries \u00e0 fourrure de Nouvelle-Z\u00e9lande, Otaries \u00e0 fourrure d&rsquo;Australie<br \/>24.04.2014 (Dover beach &#8211; Hartz mountains) : <a href=\"https:\/\/carole-pascal.fr\/WORDPRESS\/wp-content\/uploads\/2024\/06\/2014-04-24.pdf\" target=\"_blank\" rel=\"noopener\">Liste oiseaux<\/a><br \/>25.04.2014 (Mont Field) : <a href=\"https:\/\/carole-pascal.fr\/WORDPRESS\/wp-content\/uploads\/2024\/06\/2014-04-25.pdf\" target=\"_blank\" rel=\"noopener\">Liste oiseaux<\/a>, Wallabies de Bennett<br \/>26.04.2014 (Centre-ouest) : <a href=\"https:\/\/carole-pascal.fr\/WORDPRESS\/wp-content\/uploads\/2024\/06\/2014-04-26.pdf\" target=\"_blank\" rel=\"noopener\">Liste oiseaux<\/a><br \/>27.04.2014 (Cradle mountain) : <a href=\"https:\/\/carole-pascal.fr\/WORDPRESS\/wp-content\/uploads\/2024\/06\/2014-04-27.pdf\" target=\"_blank\" rel=\"noopener\">Liste oiseaux<\/a>, 4 wombats, 1 wallaby de Bennett<br \/>28.04.2014 (Marakoopa &#8211; Trowunna) : <a href=\"https:\/\/carole-pascal.fr\/WORDPRESS\/wp-content\/uploads\/2024\/06\/2014-04-28.pdf\" target=\"_blank\" rel=\"noopener\">Liste oiseaux<\/a>, Wombats<br \/>29.04.2014 (Narawntapu) : <a href=\"https:\/\/carole-pascal.fr\/WORDPRESS\/wp-content\/uploads\/2024\/06\/2014-04-29.pdf\" target=\"_blank\" rel=\"noopener\">Liste oiseaux<\/a>, Wallabies de Bennett, Pendemelon (petit wallaby de tasmanie), Kangourous de Forester<br \/>30.04.2014 (Freycinnet) : <a href=\"https:\/\/carole-pascal.fr\/WORDPRESS\/wp-content\/uploads\/2024\/06\/2014-04-30.pdf\" target=\"_blank\" rel=\"noopener\">Liste oiseaux<\/a>, 2 wallabies de Bennett<br \/>01.05.2014 (Freycinnet) : <a href=\"https:\/\/carole-pascal.fr\/WORDPRESS\/wp-content\/uploads\/2024\/06\/2014-05-01.pdf\" target=\"_blank\" rel=\"noopener\">Liste oiseaux<\/a>, 6 wallabies de Bennett<br \/>02.05.2014 (de Freycinnet \u00e0 Triabunna) : <a href=\"https:\/\/carole-pascal.fr\/WORDPRESS\/wp-content\/uploads\/2024\/06\/2014-05-02.pdf\" target=\"_blank\" rel=\"noopener\">Liste oiseaux<\/a><br \/>03.05.2014 (P\u00e9ninsule de Tasman) : <a href=\"https:\/\/carole-pascal.fr\/WORDPRESS\/wp-content\/uploads\/2024\/06\/2014-05-03.pdf\" target=\"_blank\" rel=\"noopener\">Liste oiseaux<\/a><br \/>04.05.2014 (Peninsule de Tasman) : <a href=\"https:\/\/carole-pascal.fr\/WORDPRESS\/wp-content\/uploads\/2024\/06\/2014-05-04.pdf\" target=\"_blank\" rel=\"noopener\">Liste oiseaux<\/a><br \/>05.05.2014 (Hobart) : <a href=\"https:\/\/carole-pascal.fr\/WORDPRESS\/wp-content\/uploads\/2024\/06\/2014-05-05.pdf\" target=\"_blank\" rel=\"noopener\">Liste oiseaux<\/a><\/p>\t\t\t\t\t\t\t\t<\/div>\n\t\t\t\t<\/div>\n\t\t\t\t\t<\/div>\n\t\t\t\t<\/div>\n\t\t<div class=\"elementor-element elementor-element-ada6c8f e-con-full e-flex e-con e-parent\" data-id=\"ada6c8f\" data-element_type=\"container\" data-e-type=\"container\">\n\t\t\t\t<div class=\"elementor-element elementor-element-786ae21 elementor-widget__width-initial elementor-widget elementor-widget-image\" data-id=\"786ae21\" data-element_type=\"widget\" data-e-type=\"widget\" data-widget_type=\"image.default\">\n\t\t\t\t<div class=\"elementor-widget-container\">\n\t\t\t\t\t\t\t\t\t\t\t\t\t\t\t<img fetchpriority=\"high\" width=\"1024\" height=\"757\"  class=\"attachment-large size-large wp-image-55635 lws-optimize-lazyload\" alt=\"\" srcset=\"https:\/\/carole-pascal.fr\/WORDPRESS\/wp-content\/uploads\/2025\/02\/001_20140426-1024x757.jpg 1024w, https:\/\/carole-pascal.fr\/WORDPRESS\/wp-content\/uploads\/2025\/02\/001_20140426-300x222.jpg 300w, https:\/\/carole-pascal.fr\/WORDPRESS\/wp-content\/uploads\/2025\/02\/001_20140426-768x568.jpg 768w, https:\/\/carole-pascal.fr\/WORDPRESS\/wp-content\/uploads\/2025\/02\/001_20140426-1536x1135.jpg 1536w, https:\/\/carole-pascal.fr\/WORDPRESS\/wp-content\/uploads\/2025\/02\/001_20140426-2048x1514.jpg 2048w\" sizes=\"(max-width: 1024px) 100vw, 1024px\" \/ data-src=\"https:\/\/carole-pascal.fr\/WORDPRESS\/wp-content\/uploads\/2025\/02\/001_20140426-1024x757.jpg\">\t\t\t\t\t\t\t\t\t\t\t\t\t\t\t<\/div>\n\t\t\t\t<\/div>\n\t\t\t\t<\/div>\n\t\t\t\t<\/div>\n\t\t","protected":false},"excerpt":{"rendered":"<p>Revenir au menu pr\u00e9c\u00e9dent 22.04.2014 (Hobart &#8211; Bruny island) : Liste oiseaux23.04.2014 (Bruny island) : Liste oiseaux, 1 baleine bleue, Dauphins communs, Otaries \u00e0 fourrure de Nouvelle-Z\u00e9lande, Otaries \u00e0 fourrure d&rsquo;Australie24.04.2014 (Dover beach &#8211; Hartz mountains) : Liste oiseaux25.04.2014 (Mont Field) : Liste oiseaux, Wallabies de Bennett26.04.2014 (Centre-ouest) : Liste oiseaux27.04.2014 (Cradle mountain) : Liste [&hellip;]<\/p>\n","protected":false},"author":1,"featured_media":0,"parent":0,"menu_order":0,"comment_status":"closed","ping_status":"closed","template":"","meta":{"ocean_post_layout":"","ocean_both_sidebars_style":"","ocean_both_sidebars_content_width":0,"ocean_both_sidebars_sidebars_width":0,"ocean_sidebar":"","ocean_second_sidebar":"","ocean_disable_margins":"enable","ocean_add_body_class":"","ocean_shortcode_before_top_bar":"","ocean_shortcode_after_top_bar":"","ocean_shortcode_before_header":"","ocean_shortcode_after_header":"","ocean_has_shortcode":"","ocean_shortcode_after_title":"","ocean_shortcode_before_footer_widgets":"","ocean_shortcode_after_footer_widgets":"","ocean_shortcode_before_footer_bottom":"","ocean_shortcode_after_footer_bottom":"","ocean_display_top_bar":"default","ocean_display_header":"default","ocean_header_style":"","ocean_center_header_left_menu":"","ocean_custom_header_template":"","ocean_custom_logo":0,"ocean_custom_retina_logo":0,"ocean_custom_logo_max_width":0,"ocean_custom_logo_tablet_max_width":0,"ocean_custom_logo_mobile_max_width":0,"ocean_custom_logo_max_height":0,"ocean_custom_logo_tablet_max_height":0,"ocean_custom_logo_mobile_max_height":0,"ocean_header_custom_menu":"","ocean_menu_typo_font_family":"","ocean_menu_typo_font_subset":"","ocean_menu_typo_font_size":0,"ocean_menu_typo_font_size_tablet":0,"ocean_menu_typo_font_size_mobile":0,"ocean_menu_typo_font_size_unit":"px","ocean_menu_typo_font_weight":"","ocean_menu_typo_font_weight_tablet":"","ocean_menu_typo_font_weight_mobile":"","ocean_menu_typo_transform":"","ocean_menu_typo_transform_tablet":"","ocean_menu_typo_transform_mobile":"","ocean_menu_typo_line_height":0,"ocean_menu_typo_line_height_tablet":0,"ocean_menu_typo_line_height_mobile":0,"ocean_menu_typo_line_height_unit":"","ocean_menu_typo_spacing":0,"ocean_menu_typo_spacing_tablet":0,"ocean_menu_typo_spacing_mobile":0,"ocean_menu_typo_spacing_unit":"","ocean_menu_link_color":"","ocean_menu_link_color_hover":"","ocean_menu_link_color_active":"","ocean_menu_link_background":"","ocean_menu_link_hover_background":"","ocean_menu_link_active_background":"","ocean_menu_social_links_bg":"","ocean_menu_social_hover_links_bg":"","ocean_menu_social_links_color":"","ocean_menu_social_hover_links_color":"","ocean_disable_title":"default","ocean_disable_heading":"default","ocean_post_title":"","ocean_post_subheading":"","ocean_post_title_style":"","ocean_post_title_background_color":"","ocean_post_title_background":0,"ocean_post_title_bg_image_position":"","ocean_post_title_bg_image_attachment":"","ocean_post_title_bg_image_repeat":"","ocean_post_title_bg_image_size":"","ocean_post_title_height":0,"ocean_post_title_bg_overlay":0.5,"ocean_post_title_bg_overlay_color":"","ocean_disable_breadcrumbs":"default","ocean_breadcrumbs_color":"","ocean_breadcrumbs_separator_color":"","ocean_breadcrumbs_links_color":"","ocean_breadcrumbs_links_hover_color":"","ocean_display_footer_widgets":"default","ocean_display_footer_bottom":"default","ocean_custom_footer_template":"","footnotes":""},"class_list":["post-43514","page","type-page","status-publish","hentry","entry"],"_links":{"self":[{"href":"https:\/\/carole-pascal.fr\/WORDPRESS\/wp-json\/wp\/v2\/pages\/43514","targetHints":{"allow":["GET"]}}],"collection":[{"href":"https:\/\/carole-pascal.fr\/WORDPRESS\/wp-json\/wp\/v2\/pages"}],"about":[{"href":"https:\/\/carole-pascal.fr\/WORDPRESS\/wp-json\/wp\/v2\/types\/page"}],"author":[{"embeddable":true,"href":"https:\/\/carole-pascal.fr\/WORDPRESS\/wp-json\/wp\/v2\/users\/1"}],"replies":[{"embeddable":true,"href":"https:\/\/carole-pascal.fr\/WORDPRESS\/wp-json\/wp\/v2\/comments?post=43514"}],"version-history":[{"count":0,"href":"https:\/\/carole-pascal.fr\/WORDPRESS\/wp-json\/wp\/v2\/pages\/43514\/revisions"}],"wp:attachment":[{"href":"https:\/\/carole-pascal.fr\/WORDPRESS\/wp-json\/wp\/v2\/media?parent=43514"}],"curies":[{"name":"wp","href":"https:\/\/api.w.org\/{rel}","templated":true}]}}