{"id":45418,"date":"2024-10-14T16:16:31","date_gmt":"2024-10-14T14:16:31","guid":{"rendered":"https:\/\/carole-pascal.fr\/WORDPRESS\/?page_id=45418"},"modified":"2024-10-14T16:54:25","modified_gmt":"2024-10-14T14:54:25","slug":"namibie-informations-generales","status":"publish","type":"page","link":"https:\/\/carole-pascal.fr\/WORDPRESS\/namibie-informations-generales\/","title":{"rendered":"Namibie &#8211; Informations g\u00e9n\u00e9rales"},"content":{"rendered":"\t\t<div data-elementor-type=\"wp-page\" data-elementor-id=\"45418\" class=\"elementor elementor-45418\">\n\t\t\t\t<div class=\"elementor-element elementor-element-427f6b6c e-flex e-con-boxed e-con e-parent\" data-id=\"427f6b6c\" data-element_type=\"container\" data-e-type=\"container\">\n\t\t\t\t\t<div class=\"e-con-inner\">\n\t\t\t\t<div class=\"elementor-element elementor-element-65254e47 elementor-align-center elementor-widget elementor-widget-button\" data-id=\"65254e47\" data-element_type=\"widget\" data-e-type=\"widget\" data-widget_type=\"button.default\">\n\t\t\t\t<div class=\"elementor-widget-container\">\n\t\t\t\t\t\t\t\t\t<div class=\"elementor-button-wrapper\">\n\t\t\t\t\t<a class=\"elementor-button elementor-button-link elementor-size-sm\" href=\"https:\/\/carole-pascal.fr\/WORDPRESS\/namibie-13-septembre-au-08-octobre-2024\/\">\n\t\t\t\t\t\t<span class=\"elementor-button-content-wrapper\">\n\t\t\t\t\t\t\t\t\t<span class=\"elementor-button-text\">Revenir au menu pr\u00e9c\u00e9dent<\/span>\n\t\t\t\t\t<\/span>\n\t\t\t\t\t<\/a>\n\t\t\t\t<\/div>\n\t\t\t\t\t\t\t\t<\/div>\n\t\t\t\t<\/div>\n\t\t\t\t\t<\/div>\n\t\t\t\t<\/div>\n\t\t<div class=\"elementor-element elementor-element-57a95cd e-flex e-con-boxed e-con e-parent\" data-id=\"57a95cd\" data-element_type=\"container\" data-e-type=\"container\">\n\t\t\t\t\t<div class=\"e-con-inner\">\n\t\t\t\t<div class=\"elementor-element elementor-element-dde0071 elementor-widget elementor-widget-text-editor\" data-id=\"dde0071\" data-element_type=\"widget\" data-e-type=\"widget\" data-widget_type=\"text-editor.default\">\n\t\t\t\t<div class=\"elementor-widget-container\">\n\t\t\t\t\t\t\t\t\t<p>La r\u00e9publique de Namibie est un pays situ\u00e9 en Afrique australe. Elle est bord\u00e9e g\u00e9ographiquement \u00e0 l&rsquo;ouest par l&rsquo;oc\u00e9an Atlantique, au nord par l&rsquo;Angola, au sud par l&rsquo;Afrique du Sud, \u00e0 l&rsquo;est par le Botswana et au nord-est par la Zambie.\u00a0 Largement d\u00e9sertique, le pays doit son nom au d\u00e9sert du Namib, qui recouvre sa c\u00f4te atlantique. Ses fronti\u00e8res orientales sont largement recouvertes par le d\u00e9sert du Kalahari. La capitale, qui est la ville la plus peupl\u00e9e du pays, est Windhoek. Avec une population d&rsquo;environ 2,8 millions d&rsquo;habitants, sa densit\u00e9 de population est la plus faible d&rsquo;Afrique et l&rsquo;avant-derni\u00e8re au niveau mondial. La population consiste largement en des ethnies bantoues, notamment les Ovambos qui constituent pr\u00e8s de la moiti\u00e9 de la population. Bien que le pays soit s\u00e9culier, pr\u00e8s de 90 % des habitants sont chr\u00e9tiens. L&rsquo;anglais est la langue officielle du pays, mais plusieurs autres langues y sont \u00e9galement parl\u00e9es, dont l&rsquo;allemand, l&rsquo;afrikaans, le h\u00e9r\u00e9ro et l&rsquo;oshiwambo. Bien que multipartite, l&rsquo;Organisation du peuple du Sud-Ouest africain (SWAPO) demeure le parti dominant. L&rsquo;\u00e9conomie du pays repose principalement sur l&rsquo;agriculture, la p\u00eache, les activit\u00e9s mini\u00e8res et le tourisme.<\/p>\t\t\t\t\t\t\t\t<\/div>\n\t\t\t\t<\/div>\n\t\t\t\t\t<\/div>\n\t\t\t\t<\/div>\n\t\t<div class=\"elementor-element elementor-element-c98e1fb e-flex e-con-boxed e-con e-parent\" data-id=\"c98e1fb\" data-element_type=\"container\" data-e-type=\"container\">\n\t\t\t\t\t<div class=\"e-con-inner\">\n\t\t\t\t<div class=\"elementor-element elementor-element-3524a23 elementor-widget elementor-widget-image\" data-id=\"3524a23\" data-element_type=\"widget\" data-e-type=\"widget\" data-widget_type=\"image.default\">\n\t\t\t\t<div class=\"elementor-widget-container\">\n\t\t\t\t\t\t\t\t\t\t\t\t\t\t\t<img fetchpriority=\"high\" width=\"288\" height=\"300\"  class=\"attachment-medium size-medium wp-image-45440 lws-optimize-lazyload\" alt=\"\" srcset=\"https:\/\/carole-pascal.fr\/WORDPRESS\/wp-content\/uploads\/2024\/10\/Arms-288x300.png 288w, https:\/\/carole-pascal.fr\/WORDPRESS\/wp-content\/uploads\/2024\/10\/Arms-982x1024.png 982w, https:\/\/carole-pascal.fr\/WORDPRESS\/wp-content\/uploads\/2024\/10\/Arms-768x801.png 768w, https:\/\/carole-pascal.fr\/WORDPRESS\/wp-content\/uploads\/2024\/10\/Arms.png 1024w\" sizes=\"(max-width: 288px) 100vw, 288px\" \/ data-src=\"https:\/\/carole-pascal.fr\/WORDPRESS\/wp-content\/uploads\/2024\/10\/Arms-288x300.png\">\t\t\t\t\t\t\t\t\t\t\t\t\t\t\t<\/div>\n\t\t\t\t<\/div>\n\t\t\t\t\t<\/div>\n\t\t\t\t<\/div>\n\t\t<div class=\"elementor-element elementor-element-1b56de9 e-flex e-con-boxed e-con e-parent\" data-id=\"1b56de9\" data-element_type=\"container\" data-e-type=\"container\">\n\t\t\t\t\t<div class=\"e-con-inner\">\n\t\t\t\t<div class=\"elementor-element elementor-element-2bae2c7 elementor-widget elementor-widget-text-editor\" data-id=\"2bae2c7\" data-element_type=\"widget\" data-e-type=\"widget\" data-widget_type=\"text-editor.default\">\n\t\t\t\t<div class=\"elementor-widget-container\">\n\t\t\t\t\t\t\t\t\t<p><span style=\"text-decoration: underline;\"><strong>Pr\u00e9histoire<\/strong><\/span> : Vers 1500 av. J.-C., les anc\u00eatres des San, les premiers habitants du pays, r\u00e9alisent des peintures rupestres. Les Bochimans sont ensuite rejoints et repouss\u00e9s vers le d\u00e9sert du Kalahari par les Kho\u00efkho\u00efs. Ces derniers sont, \u00e0 leur tour, refoul\u00e9s par la vague d&rsquo;expansion bantoue (localement les Ovambos et les H\u00e9r\u00e9ros) dans la seconde moiti\u00e9 du Ier mill\u00e9naire.<\/p><p><span style=\"text-decoration: underline;\"><strong>Premiers colonisateurs<\/strong><\/span> : Les Portugais atteignent Cape Cross d\u00e8s 1486, ils abordent les c\u00f4tes de la r\u00e9gion \u00e0 partir de 1550, mais ils pr\u00e9f\u00e8rent se fixer plus au nord, dans les territoires qui constituent dor\u00e9navant l&rsquo;Angola.<br \/>\u00c0 partir de 1680, des colons n\u00e9erlandais s&rsquo;installent sur la c\u00f4te. Ils vont cependant privil\u00e9gier la r\u00e9gion du Cap et les terres fertiles, plus au sud, dans ce qui deviendra l&rsquo;Afrique du Sud. Entre 1793 et 1803, les N\u00e9erlandais sont chass\u00e9s par les Britanniques, mais les populations d&rsquo;Afrikaners restent.<br \/>En 1793, Walvis Bay, seule rade en eau profonde sur la c\u00f4te namibienne, est annex\u00e9e par la Colonie du Cap ; elle sera c\u00e9d\u00e9e aux Britanniques en 1878, qui la conserveront jusqu&rsquo;en 1910. Elle reste la principale voie d&rsquo;acc\u00e8s maritime \u00e0 la Namibie.<br \/>\u00c0 partir de la fin des ann\u00e9es 1820, les missionnaires rh\u00e9nans (luth\u00e9riens allemands) \u00e9tablissent les premiers postes missionnaires du territoire. Le village de Wupperthal est ainsi fond\u00e9 en 1829 par la Mission rh\u00e9nane. Les missionnaires trouvent le pays occup\u00e9 par les H\u00e9r\u00e9ros et les Namas en guerre constante et cherchent \u00e0 s&rsquo;assurer de la protection soit des Britanniques soit des Allemands.<br \/>Entre 1836 et 1884, le Transgariep est d\u00e9couvert progressivement par les explorateurs britanniques et allemands. En parall\u00e8le, entre 1840 et 1870, les Oorlams du chef Jonker Afrikaner dominent l&rsquo;Hereroland et le Damaraland.<br \/>En 1860, la ville de Keetmanshoop est fond\u00e9e par des missionnaires et colons allemands.<\/p><p><span style=\"text-decoration: underline;\"><strong>Colonisation allemande<\/strong><\/span> : En 1884, L\u00fcderitz est fond\u00e9e par un n\u00e9gociant allemand de Br\u00eame. Le territoire entre le fleuve Kunene et le fleuve Orange devient le protectorat du Sud-Ouest africain allemand (Deutsch-S\u00fcdwestafrika). En 1885, Heinrich G\u00f6ring devient le gouverneur de la nouvelle colonie allemande et entreprend de signer des trait\u00e9s avec les peuples locaux.<br \/>En 1894, Swakopmund est fond\u00e9e sur la c\u00f4te atlantique \u00e0 une cinquantaine de kilom\u00e8tres au nord de l&rsquo;enclave britannique de Walvis Bay, seul port en eau profonde de la c\u00f4te.<br \/>En 1904, des autochtones h\u00e9r\u00e9ros se soul\u00e8vent et sont massacr\u00e9s par les Allemands sous le commandement du g\u00e9n\u00e9ral Lothar von Trotha. Des camps de concentration sont cr\u00e9\u00e9s, \u00e0 l&rsquo;instar de ceux install\u00e9s par les Britanniques en Afrique du Sud lors de la seconde guerre des Boers. Dans le Sud-Ouest africain, la population h\u00e9r\u00e9ro est ainsi r\u00e9duite, dans un contexte d&rsquo;hygi\u00e8ne d\u00e9plorable, de famines et surtout d&rsquo;ordre de l&rsquo;administration coloniale allemande d&rsquo;extermination de tous les H\u00e9r\u00e9ros, de 80 000 \u00e0 150 000 individus. Quelque 10 000 Namas ont \u00e9galement \u00e9t\u00e9 tu\u00e9s. Ce massacre des H\u00e9r\u00e9ros et des Namas est consid\u00e9r\u00e9 comme le premier g\u00e9nocide du XXe si\u00e8cle. Le 28 mai 2021, les autorit\u00e9s allemandes ont reconnu, par un communiqu\u00e9 du ministre des Affaires \u00e9trang\u00e8res Heiko Maas, le caract\u00e8re g\u00e9nocidaire du massacre.<\/p><p><span style=\"text-decoration: underline;\"><strong>Du mandat sud-africain \u00e0 l&rsquo;occupation sous surveillance de l&rsquo;ONU<\/strong><\/span> : En 1915, la colonie allemande est conquise par les troupes de l&rsquo;union d&rsquo;Afrique du Sud lors de la Premi\u00e8re Guerre mondiale. En 1920, par d\u00e9cision de la Soci\u00e9t\u00e9 des Nations (SDN), le Sud-Ouest africain passe sous mandat britannique et donc de l&rsquo;Afrique du Sud.<br \/>En 1946, l&rsquo;Afrique du Sud demande l&rsquo;annexion du Sud-Ouest africain \u00e0 l&rsquo;Organisation des Nations unies, successeur de la SDN. <br \/>En 1949, la constitution du Sud-Ouest africain est r\u00e9vis\u00e9e par le gouvernement de Daniel Fran\u00e7ois Malan qui a amen\u00e9 le Parti national au pouvoir en Afrique du Sud un an plus t\u00f4t. Une repr\u00e9sentation directe du territoire au parlement sud-africain est d\u00e9sormais assur\u00e9e par six d\u00e9put\u00e9s et quatre s\u00e9nateurs alors que la tutelle sur les populations indig\u00e8nes est d\u00e9sormais du seul ressort du gouvernement de Pretoria.<br \/>En 1959, le massacre d&rsquo;Old location, quartier r\u00e9serv\u00e9 aux Noirs de Windhoek, fait 57 tu\u00e9s lors d&rsquo;une manifestation de protestation contre la mise en place de l&rsquo;apartheid. En 1960, en marge de travaux \u00e0 l&rsquo;ONU, se constitue, d&rsquo;abord sous forme syndicale, l&rsquo;Organisation du peuple du Sud-Ouest africain, plus connue sous son acronyme anglais : SWAPO (South West Africa People&rsquo;s Organization). Cette organisation s&rsquo;impose progressivement comme le chef de file pour la r\u00e9sistance \u00e0 l&rsquo;occupation sud-africaine et l&rsquo;acc\u00e8s \u00e0 l&rsquo;ind\u00e9pendance.<br \/>\u00c0 partir de 1966, l&rsquo;ONU organise une surveillance ext\u00e9rieure du territoire. L&rsquo;assembl\u00e9e g\u00e9n\u00e9rale cr\u00e9e un comit\u00e9 sp\u00e9cial dans le cadre d&rsquo;une r\u00e9solution adopt\u00e9e le 27 octobre16. Cette instance g\u00e8re les relations internationales du territoire ainsi que sa politique de coop\u00e9ration. En 1967, la gu\u00e9rilla de la SWAPO contre la pr\u00e9sence sud-africaine d\u00e9bute. En 1968, le Sud-Ouest africain est rebaptis\u00e9 Namibie par l&rsquo;ONU. En 1971, la Cour internationale de justice reconna\u00eet l&rsquo;ill\u00e9galit\u00e9 de la pr\u00e9sence sud-africaine en Namibie.<br \/>Le 12 septembre 1973, dans sa r\u00e9solution no 3111, l&rsquo;Assembl\u00e9e g\u00e9n\u00e9rale des Nations unies reconna\u00eet \u00e0 la SWAPO le titre de \u00ab repr\u00e9sentant unique et authentique du peuple namibien \u00bb. \u00c0 ce moment, John Vorster, le Premier ministre d&rsquo;Afrique du Sud, abandonne les objectifs du rapport Odendaal et d\u00e9cide, dans le cadre de sa politique de d\u00e9tente avec les pays africains, de s&rsquo;engager dans la voie de l&rsquo;autod\u00e9termination du territoire \u00ab y compris celle de l&rsquo;ind\u00e9pendance \u00bb. Il va ainsi faire de la Namibie un terrain d&rsquo;exp\u00e9rimentation politique dont il compte r\u00e9utiliser les r\u00e9sultats pour la Rhod\u00e9sie du Sud alors dirig\u00e9e par Ian Smith (r\u00e9sultats qui servent de mod\u00e8le pour l&rsquo;Afrique du Sud elle-m\u00eame dans les ann\u00e9es 1990).<br \/>Le 24 avril 1974, l&rsquo;\u00e9lection de l&rsquo;assembl\u00e9e l\u00e9gislative du Sud-Ouest africain est remport\u00e9e par le parti national du Sud-Ouest africain, d\u00e9j\u00e0 vainqueur de cette \u00e9lection en 1950, 1953, 1955, 1961, 1965 et 1970. Ce sera la derni\u00e8re \u00e9lection lors de laquelle seuls les Blancs de Namibie auront le droit de voter. En novembre 1974, l&rsquo;Assembl\u00e9e l\u00e9gislative du Sud-Ouest africain, domin\u00e9e par le Parti National du Sud-Ouest africain, invite l&rsquo;ensemble des autorit\u00e9s du territoire, y compris les autorit\u00e9s tribales et les repr\u00e9sentants des partis politiques noirs, \u00e0 participer aux pourparlers constitutionnels de la conf\u00e9rence de la Turnhalle qui durent deux ans de septembre 1975 \u00e0 octobre 1977 ; la SWAPO et la SWANU d\u00e9clinent l&rsquo;invitation.<br \/>En juillet 1975, le ministre de l&rsquo;administration et du d\u00e9veloppement bantou de John Vorster, Michiel Coenraad Botha, met fin \u00e0 un projet de d\u00e9localisation des tribus Ovaherero dans le Bantoustan du Hereroland dans l&rsquo;est du pays. Ce faisant, Botha met fin \u00e0 la mise en \u0153uvre des conclusions du rapport Odendaal.<br \/>Le 1er septembre 1975, la conf\u00e9rence constitutionnelle de la Turnhalle commence.<br \/>En avril 1976, Andreas Shipanga, l&rsquo;un des cofondateurs de la SWAPO, d\u00e9nonce le n\u00e9potisme, la corruption et l&rsquo;inefficacit\u00e9 de la direction du mouvement. Avec 2 000 de ses partisans dont Nathaniel Maxuilili, il tente de s&#8217;emparer du quartier g\u00e9n\u00e9ral du parti \u00e0 Lusaka en Zambie. Sam Nujoma est oblig\u00e9 de requ\u00e9rir l&rsquo;aide du pr\u00e9sident Kenneth Kaunda pour \u00e9viter d&rsquo;\u00eatre d\u00e9mis de ses fonctions par la force. Les rebelles sont finalement arr\u00eat\u00e9s et emprisonn\u00e9s, et accus\u00e9s de collusion avec l&rsquo;Afrique du Sud. Certains sont rel\u00e2ch\u00e9s au bout de six mois, d&rsquo;autres sont transf\u00e9r\u00e9s dans des camps en Tanzanie, d&rsquo;autres encore disparaissent d\u00e9finitivement ; Shipanga n&rsquo;est lui-m\u00eame lib\u00e9r\u00e9 qu&rsquo;en mars 1978.<br \/>Le 14 ao\u00fbt 1976, Dirk Mudge, dirigeant du Parti national du Sud-Ouest africain, appelle les Blancs \u00e0 rejoindre les Noirs sur le chemin de l&rsquo;ind\u00e9pendance. Le 16 ao\u00fbt, les d\u00e9l\u00e9gu\u00e9s de la conf\u00e9rence constitutionnelle de la Turnhalle se mettent d&rsquo;accord sur un gouvernement int\u00e9rimaire charg\u00e9 de transformer le territoire en un \u00c9tat ind\u00e9pendant sur le mod\u00e8le d&rsquo;une f\u00e9d\u00e9ration. Le 20 d\u00e9cembre, dans sa r\u00e9solution no 385, l&rsquo;Assembl\u00e9e g\u00e9n\u00e9rale des Nations unies refuse de reconna\u00eetre l&rsquo;\u00e9volution interne de la Namibie et apporte \u00ab son soutien \u00e0 la lutte arm\u00e9e \u00bb men\u00e9e \u00ab sous la conduite de la SWAPO \u00bb.<br \/>Le 18 mars 1977, le principe d&rsquo;un gouvernement \u00e0 trois niveaux est adopt\u00e9 \u00e0 la conf\u00e9rence de la Turnhalle : un pouvoir central, des autorit\u00e9s locales \u00e0 base ethnique, des autorit\u00e9s municipales. L&rsquo;Assembl\u00e9e nationale serait \u00e9lue au suffrage indirect par l&rsquo;interm\u00e9diaire d&rsquo;assembl\u00e9es locales. Le nom du futur \u00c9tat fait l&rsquo;objet d&rsquo;un compromis : \u00ab Sud-Ouest africain \/ Namibie \u00bb, du moins pour la p\u00e9riode int\u00e9rimaire. En mai, les Blancs se prononcent \u00e0 plus de 60 % pour les propositions de la Turnhalle et acceptent le principe de l&rsquo;ind\u00e9pendance.<br \/>En ao\u00fbt, la gestion de l&rsquo;enclave de Walvis Bay (rattach\u00e9e depuis 1971 aux autorit\u00e9s de la province du Cap) est transf\u00e9r\u00e9e au gouvernement sud-africain et est ainsi soustraite au processus d&rsquo;ind\u00e9pendance. Le sort des terres est aussi \u00e9voqu\u00e9 lors de la conf\u00e9rence mais les d\u00e9l\u00e9gu\u00e9s se s\u00e9parent sur un constat d&rsquo;\u00e9chec. En septembre, Dirk Mudge entre en conflit avec la direction du Parti national du Sud-Ouest africain, pr\u00e9sid\u00e9 par A. H. du Plessis, qui souhaite conserver des lois d&rsquo;apartheid. Mis en minorit\u00e9 de justesse, Mudge et quatre-vingts de ses partisans quittent le parti en octobre et cr\u00e9ent le Parti r\u00e9publicain.<br \/>En octobre, le nouvel administrateur sud-africain, Martinus Steyn, un juge \u00e0 la r\u00e9putation de lib\u00e9ral, abroge la loi s\u00e9gr\u00e9gationniste sur les mariages mixtes puis celle sur l&rsquo;immoralit\u00e9. Les contr\u00f4les int\u00e9rieurs sont supprim\u00e9s sur tout le territoire \u00e0 l&rsquo;exception de la zone diamantif\u00e8re (o\u00f9 ils sont toujours en vigueur de nos jours17) et de la fronti\u00e8re septentrionale. Le 6 novembre, Mudge conclut une alliance avec dix autres mouvements ethniques dont la NUDO de Clemens Kapuuo pour former l&rsquo;Alliance d\u00e9mocratique de la Turnhalle (Democratic Turnhalle Alliance ; DTA), dont la pr\u00e9sidence est confi\u00e9e \u00e0 Kapuuo.<br \/>Le 27 mars 1978, Clemens Kapuuo est assassin\u00e9 par des inconnus. La SWAPO, qu&rsquo;il combattait tr\u00e8s durement, est accus\u00e9e. Cet assassinat provoque de violents affrontements \u00e0 travers le pays entre Ovambos de la SWAPO et H\u00e9r\u00e9ros de la NUDO. Un climat d&rsquo;ins\u00e9curit\u00e9 inconnu jusque-l\u00e0 s&rsquo;installe dans le pays et touche toutes les communaut\u00e9s. Le 4 mai, l&rsquo;arm\u00e9e sud-africaine lance un raid meurtrier sur un camp d&rsquo;entra\u00eenement de la SWAPO \u00e0 Cassinga en Angola (867 morts et 464 bless\u00e9s). Le 29 septembre, les Nations unies votent la r\u00e9solution 435 exigeant le retrait de l&rsquo;Afrique du Sud et l&rsquo;ind\u00e9pendance de la Namibie. En d\u00e9cembre 1978, les premi\u00e8res \u00e9lections ouvertes aux Blancs et aux Noirs selon le principe \u00ab un homme, une voix \u00bb, boycott\u00e9es par la SWAPO et non reconnues par les Nations unies, sont remport\u00e9es par l&rsquo;Alliance d\u00e9mocratique de la Turnhalle. Une assembl\u00e9e constituante namibienne est mise en place.<br \/>Le 21 mai 1979, l&rsquo;ancienne Assembl\u00e9e constituante du Sud-Ouest africain, devenue Assembl\u00e9e nationale du Sud-Ouest africain, vote la loi sur l&rsquo;abolition totale de la discrimination raciale. Le jour m\u00eame, Windhoek devient le si\u00e8ge de l&rsquo;administration politique du pays (\u00e0 l&rsquo;exception encore de la police, de l&rsquo;arm\u00e9e, de la justice et des affaires \u00e9trang\u00e8res). Le 11 juillet, tous les lieux publics sont ouverts aux populations de couleur et une loi anti-discrimination est promulgu\u00e9e. Les derniers vestiges l\u00e9gislatifs de la s\u00e9gr\u00e9gation raciale sont ainsi balay\u00e9s. \u00c0 la fin de l&rsquo;ann\u00e9e, un accord g\u00e9n\u00e9ral est adopt\u00e9 sur la cr\u00e9ation d&rsquo;une zone d\u00e9militaris\u00e9e de part et d&rsquo;autre de la fronti\u00e8re du nord, mais sans succ\u00e8s.<br \/>En avril 1980, le nouvel administrateur sud-africain, Gerrit Viljoen, promulgue la nouvelle constitution. La police et l&rsquo;arm\u00e9e locale sont d\u00e9sormais plac\u00e9es sous le contr\u00f4le de l&rsquo;assembl\u00e9e. Le 1er juillet, le premier gouvernement du Sud-Ouest Africain \/ Namibie est mis en place avec un conseil des ministres de onze membres pr\u00e9sid\u00e9 par Dirk Mudge.<br \/>Le 18 janvier 1983, le conseil des ministres namibien d\u00e9missionne \u00e0 la suite du refus de l&rsquo;administrateur sud-africain, Danie Hough, de promulguer une loi relative aux f\u00eates l\u00e9gales namibiennes. L&rsquo;Assembl\u00e9e nationale est dissoute et l&rsquo;administrateur sud-africain cumule les pouvoirs ex\u00e9cutifs, administratifs et l\u00e9gislatifs19.<br \/>En juin 1985, un gouvernement int\u00e9rimaire et une assembl\u00e9e sont remis en place par l&rsquo;Afrique du Sud.<br \/>En 1988-1989, des accords sont sign\u00e9s sous l&rsquo;\u00e9gide des Nations unies pour une transition vers l&rsquo;ind\u00e9pendance du Sud-Ouest africain \/ Namibie. En 1989, la SWAPO gagne les premi\u00e8res \u00e9lections g\u00e9n\u00e9rales auxquelles elle participe.<\/p><p><span style=\"text-decoration: underline;\"><strong>Ind\u00e9pendance<\/strong><\/span> : Le 21 mars 1990, la Namibie devient ind\u00e9pendante. Sam Nujoma est le premier pr\u00e9sident de la Namibie. La SWAPO est majoritaire et ses repr\u00e9sentants dirigent, depuis, le pays. En 1992 se d\u00e9roulent les premi\u00e8res \u00e9lections municipales post-ind\u00e9pendance. En 1994, l&rsquo;enclave sud-africaine de Walvis Bay (principal port du pays) est c\u00e9d\u00e9e \u00e0 la Namibie.<br \/>En 2005, Sam Nujoma passe la main \u00e0 son successeur Hifikepunye Pohamba. Celui-ci est un fid\u00e8le de Sam Nujoma et un des fondateurs de la SWAPO. La SWAPO reste d&rsquo;ailleurs en position dominante \u00e0 l&rsquo;Assembl\u00e9e nationale. Hifikepunye Pohamba est r\u00e9\u00e9lu pour un second mandat en 2009, il devient un des laur\u00e9ats du prix Mo-Ibrahim pour sa gouvernance du pays, puis en d\u00e9cembre 2014, son Premier ministre Hage Geingob est \u00e9lu pr\u00e9sident et lui succ\u00e8de en 2015. En 2019, certaines r\u00e9gions de Namibie sont expos\u00e9es \u00e0 la pire s\u00e9cheresse depuis soixante \u00e0 quatre-vingt-dix ans, alors qu&rsquo;aucune pluie n&rsquo;est tomb\u00e9e en deux ans et que la plus grande partie du b\u00e9tail a p\u00e9ri. Les autorit\u00e9s d\u00e9clarent en mai l&rsquo;\u00e9tat de catastrophe naturelle et demandent une aide internationale : \u00ab Les moyens de subsistance d&rsquo;une majorit\u00e9 de Namibiens sont menac\u00e9s, notamment ceux qui d\u00e9pendent des activit\u00e9s de l&rsquo;agriculture \u00bb, d\u00e9plore la Premi\u00e8re ministre Saara Kuugongelwa-Amadhila. Fin 2019, le pr\u00e9sident Hage Geingob est r\u00e9\u00e9lu pour un second mandat avec un score en baisse. La SWAPO est au pouvoir depuis 1990. Hage Geingob meurt en fonction le 4 f\u00e9vrier 2024, \u00e0 l&rsquo;\u00e2ge de 82 ans, et est remplac\u00e9 par son vice-pr\u00e9sident Nangolo Mbumba, qui terminera le mandat de son pr\u00e9d\u00e9cesseur.<\/p>\t\t\t\t\t\t\t\t<\/div>\n\t\t\t\t<\/div>\n\t\t\t\t\t<\/div>\n\t\t\t\t<\/div>\n\t\t\t\t<\/div>\n\t\t","protected":false},"excerpt":{"rendered":"<p>Revenir au menu pr\u00e9c\u00e9dent La r\u00e9publique de Namibie est un pays situ\u00e9 en Afrique australe. Elle est bord\u00e9e g\u00e9ographiquement \u00e0 l&rsquo;ouest par l&rsquo;oc\u00e9an Atlantique, au nord par l&rsquo;Angola, au sud par l&rsquo;Afrique du Sud, \u00e0 l&rsquo;est par le Botswana et au nord-est par la Zambie.\u00a0 Largement d\u00e9sertique, le pays doit son nom au d\u00e9sert du [&hellip;]<\/p>\n","protected":false},"author":1,"featured_media":0,"parent":0,"menu_order":0,"comment_status":"closed","ping_status":"closed","template":"","meta":{"ocean_post_layout":"","ocean_both_sidebars_style":"","ocean_both_sidebars_content_width":0,"ocean_both_sidebars_sidebars_width":0,"ocean_sidebar":"","ocean_second_sidebar":"","ocean_disable_margins":"enable","ocean_add_body_class":"","ocean_shortcode_before_top_bar":"","ocean_shortcode_after_top_bar":"","ocean_shortcode_before_header":"","ocean_shortcode_after_header":"","ocean_has_shortcode":"","ocean_shortcode_after_title":"","ocean_shortcode_before_footer_widgets":"","ocean_shortcode_after_footer_widgets":"","ocean_shortcode_before_footer_bottom":"","ocean_shortcode_after_footer_bottom":"","ocean_display_top_bar":"default","ocean_display_header":"default","ocean_header_style":"","ocean_center_header_left_menu":"","ocean_custom_header_template":"","ocean_custom_logo":0,"ocean_custom_retina_logo":0,"ocean_custom_logo_max_width":0,"ocean_custom_logo_tablet_max_width":0,"ocean_custom_logo_mobile_max_width":0,"ocean_custom_logo_max_height":0,"ocean_custom_logo_tablet_max_height":0,"ocean_custom_logo_mobile_max_height":0,"ocean_header_custom_menu":"","ocean_menu_typo_font_family":"","ocean_menu_typo_font_subset":"","ocean_menu_typo_font_size":0,"ocean_menu_typo_font_size_tablet":0,"ocean_menu_typo_font_size_mobile":0,"ocean_menu_typo_font_size_unit":"px","ocean_menu_typo_font_weight":"","ocean_menu_typo_font_weight_tablet":"","ocean_menu_typo_font_weight_mobile":"","ocean_menu_typo_transform":"","ocean_menu_typo_transform_tablet":"","ocean_menu_typo_transform_mobile":"","ocean_menu_typo_line_height":0,"ocean_menu_typo_line_height_tablet":0,"ocean_menu_typo_line_height_mobile":0,"ocean_menu_typo_line_height_unit":"","ocean_menu_typo_spacing":0,"ocean_menu_typo_spacing_tablet":0,"ocean_menu_typo_spacing_mobile":0,"ocean_menu_typo_spacing_unit":"","ocean_menu_link_color":"","ocean_menu_link_color_hover":"","ocean_menu_link_color_active":"","ocean_menu_link_background":"","ocean_menu_link_hover_background":"","ocean_menu_link_active_background":"","ocean_menu_social_links_bg":"","ocean_menu_social_hover_links_bg":"","ocean_menu_social_links_color":"","ocean_menu_social_hover_links_color":"","ocean_disable_title":"default","ocean_disable_heading":"default","ocean_post_title":"","ocean_post_subheading":"","ocean_post_title_style":"","ocean_post_title_background_color":"","ocean_post_title_background":0,"ocean_post_title_bg_image_position":"","ocean_post_title_bg_image_attachment":"","ocean_post_title_bg_image_repeat":"","ocean_post_title_bg_image_size":"","ocean_post_title_height":0,"ocean_post_title_bg_overlay":0.5,"ocean_post_title_bg_overlay_color":"","ocean_disable_breadcrumbs":"default","ocean_breadcrumbs_color":"","ocean_breadcrumbs_separator_color":"","ocean_breadcrumbs_links_color":"","ocean_breadcrumbs_links_hover_color":"","ocean_display_footer_widgets":"default","ocean_display_footer_bottom":"default","ocean_custom_footer_template":"","footnotes":""},"class_list":["post-45418","page","type-page","status-publish","hentry","entry"],"_links":{"self":[{"href":"https:\/\/carole-pascal.fr\/WORDPRESS\/wp-json\/wp\/v2\/pages\/45418","targetHints":{"allow":["GET"]}}],"collection":[{"href":"https:\/\/carole-pascal.fr\/WORDPRESS\/wp-json\/wp\/v2\/pages"}],"about":[{"href":"https:\/\/carole-pascal.fr\/WORDPRESS\/wp-json\/wp\/v2\/types\/page"}],"author":[{"embeddable":true,"href":"https:\/\/carole-pascal.fr\/WORDPRESS\/wp-json\/wp\/v2\/users\/1"}],"replies":[{"embeddable":true,"href":"https:\/\/carole-pascal.fr\/WORDPRESS\/wp-json\/wp\/v2\/comments?post=45418"}],"version-history":[{"count":0,"href":"https:\/\/carole-pascal.fr\/WORDPRESS\/wp-json\/wp\/v2\/pages\/45418\/revisions"}],"wp:attachment":[{"href":"https:\/\/carole-pascal.fr\/WORDPRESS\/wp-json\/wp\/v2\/media?parent=45418"}],"curies":[{"name":"wp","href":"https:\/\/api.w.org\/{rel}","templated":true}]}}