{"id":95,"date":"2023-11-18T18:02:48","date_gmt":"2023-11-18T17:02:48","guid":{"rendered":"https:\/\/carole-pascal.fr\/WORDPRESS\/?page_id=95"},"modified":"2023-11-27T15:54:26","modified_gmt":"2023-11-27T14:54:26","slug":"mentions-legales","status":"publish","type":"page","link":"https:\/\/carole-pascal.fr\/WORDPRESS\/mentions-legales\/","title":{"rendered":"Mentions l\u00e9gales"},"content":{"rendered":"\t\t<div data-elementor-type=\"wp-page\" data-elementor-id=\"95\" class=\"elementor elementor-95\">\n\t\t\t\t<div class=\"elementor-element elementor-element-d25f981 e-flex e-con-boxed e-con e-parent\" data-id=\"d25f981\" data-element_type=\"container\" data-e-type=\"container\" data-settings=\"{&quot;background_background&quot;:&quot;classic&quot;}\">\n\t\t\t\t\t<div class=\"e-con-inner\">\n\t\t\t\t<div class=\"elementor-element elementor-element-9190cc6 elementor-widget elementor-widget-text-editor\" data-id=\"9190cc6\" data-element_type=\"widget\" data-e-type=\"widget\" data-widget_type=\"text-editor.default\">\n\t\t\t\t<div class=\"elementor-widget-container\">\n\t\t\t\t\t\t\t\t\t<p><em>Ce site est con\u00e7u et r\u00e9alis\u00e9 par<\/em><\/p><p><strong>Carole Pelletier<br \/>5 place Georges Seurat<br \/>78280 GUYANCOURT<\/strong><\/p><p><strong>H\u00e9bergement du site<\/strong><\/p><p>LIGNE WEB SERVICES &#8211; Capital de 500 000 \u20ac<br \/>RCS Paris\u00a0 B 851 993 683 &#8211; N\u00b0 TVA : FR21851993683<br \/>10 rue de Penthi\u00e8vre 75008 Paris &#8211; France<br \/>T\u00e9l\u00a0: 0892 700 479 \u2013 T\u00e9l international\u00a0: +33 (0)1 77 62 30 03<\/p><p><strong>Propri\u00e9t\u00e9 intellectuelle<\/strong><\/p><p>Le pr\u00e9sent site Internet et l\u2019ensemble de son contenu, y compris textes, images fixes ou anim\u00e9es, base de donn\u00e9es, programmes, etc., sont prot\u00e9g\u00e9s par le droit d\u2019auteur.<br \/>Carole Pelletier ne vous conc\u00e8de qu\u2019une autorisation de visualisation de son contenu \u00e0 titre personnel et priv\u00e9, \u00e0 l\u2019exclusion de toute visualisation ou diffusion publique.<br \/>L\u2019autorisation de reproduction ne vous est conc\u00e9d\u00e9e que sous forme num\u00e9rique sur votre ordinateur de consultation aux fins de visualisation des pages consult\u00e9es par votre logiciel de navigation.<br \/>L\u2019impression papier est autoris\u00e9e aux fins de copie priv\u00e9e \u00e0 l\u2019usage exclusif de copiste au sens de l\u2019article L. 122-5 2\u00b0 du Code de la Propri\u00e9t\u00e9 Intellectuelle.<br \/>La cr\u00e9ation d\u2019un lien hypertexte vers une adresse du site n\u00e9cessite l\u2019accord pr\u00e9alable de Madame Carole Pelletier.<br \/>Toute autre utilisation non express\u00e9ment vis\u00e9e aux pr\u00e9sentes n\u2019est pas permise et n\u00e9cessite l\u2019accord pr\u00e9alable de Madame Carole Pelletier.<\/p><p><strong>Liens vers d\u2019autres sites<\/strong><\/p><p>A partir de ce site, vous pouvez \u00e9ventuellement acc\u00e9der \u00e0 des sites tiers par l\u2019interm\u00e9diaire de liens hypertextes.<br \/>Ces sites tiers ne sont pas sous notre contr\u00f4le et nous ne sommes pas responsables de la disponibilit\u00e9 de ces sites et de leur contenu.<br \/>La mise \u00e0 votre disposition de liens est faite pour votre information et n\u2019implique aucune responsabilit\u00e9 de la part de madame Carole Pelletier.<br \/>Nous ne pouvons \u00eatre tenus responsables de pertes ou de dommages qui pourraient r\u00e9sulter de l\u2019utilisation de ces sites tiers ou de contrats r\u00e9sultant de l\u2019utilisation de ces sites tiers.<\/p><p><strong>Utilisation des donn\u00e9es collect\u00e9s<\/strong><\/p><p>Aucune donn\u00e9e n\u2019est collect\u00e9e sur le pr\u00e9sent site, hormis les cookies (voir politique de cookies).<\/p>\t\t\t\t\t\t\t\t<\/div>\n\t\t\t\t<\/div>\n\t\t\t\t\t<\/div>\n\t\t\t\t<\/div>\n\t\t\t\t<\/div>\n\t\t","protected":false},"excerpt":{"rendered":"<p>Ce site est con\u00e7u et r\u00e9alis\u00e9 par Carole Pelletier5 place Georges Seurat78280 GUYANCOURT H\u00e9bergement du site LIGNE WEB SERVICES &#8211; Capital de 500 000 \u20acRCS Paris\u00a0 B 851 993 683 &#8211; N\u00b0 TVA : FR2185199368310 rue de Penthi\u00e8vre 75008 Paris &#8211; FranceT\u00e9l\u00a0: 0892 700 479 \u2013 T\u00e9l international\u00a0: +33 (0)1 77 62 30 03 Propri\u00e9t\u00e9 [&hellip;]<\/p>\n","protected":false},"author":1,"featured_media":0,"parent":0,"menu_order":0,"comment_status":"closed","ping_status":"closed","template":"","meta":{"ocean_post_layout":"","ocean_both_sidebars_style":"","ocean_both_sidebars_content_width":0,"ocean_both_sidebars_sidebars_width":0,"ocean_sidebar":"","ocean_second_sidebar":"","ocean_disable_margins":"enable","ocean_add_body_class":"","ocean_shortcode_before_top_bar":"","ocean_shortcode_after_top_bar":"","ocean_shortcode_before_header":"","ocean_shortcode_after_header":"","ocean_has_shortcode":"","ocean_shortcode_after_title":"","ocean_shortcode_before_footer_widgets":"","ocean_shortcode_after_footer_widgets":"","ocean_shortcode_before_footer_bottom":"","ocean_shortcode_after_footer_bottom":"","ocean_display_top_bar":"default","ocean_display_header":"default","ocean_header_style":"","ocean_center_header_left_menu":"","ocean_custom_header_template":"","ocean_custom_logo":0,"ocean_custom_retina_logo":0,"ocean_custom_logo_max_width":0,"ocean_custom_logo_tablet_max_width":0,"ocean_custom_logo_mobile_max_width":0,"ocean_custom_logo_max_height":0,"ocean_custom_logo_tablet_max_height":0,"ocean_custom_logo_mobile_max_height":0,"ocean_header_custom_menu":"","ocean_menu_typo_font_family":"","ocean_menu_typo_font_subset":"","ocean_menu_typo_font_size":0,"ocean_menu_typo_font_size_tablet":0,"ocean_menu_typo_font_size_mobile":0,"ocean_menu_typo_font_size_unit":"px","ocean_menu_typo_font_weight":"","ocean_menu_typo_font_weight_tablet":"","ocean_menu_typo_font_weight_mobile":"","ocean_menu_typo_transform":"","ocean_menu_typo_transform_tablet":"","ocean_menu_typo_transform_mobile":"","ocean_menu_typo_line_height":0,"ocean_menu_typo_line_height_tablet":0,"ocean_menu_typo_line_height_mobile":0,"ocean_menu_typo_line_height_unit":"","ocean_menu_typo_spacing":0,"ocean_menu_typo_spacing_tablet":0,"ocean_menu_typo_spacing_mobile":0,"ocean_menu_typo_spacing_unit":"","ocean_menu_link_color":"","ocean_menu_link_color_hover":"","ocean_menu_link_color_active":"","ocean_menu_link_background":"","ocean_menu_link_hover_background":"","ocean_menu_link_active_background":"","ocean_menu_social_links_bg":"","ocean_menu_social_hover_links_bg":"","ocean_menu_social_links_color":"","ocean_menu_social_hover_links_color":"","ocean_disable_title":"default","ocean_disable_heading":"default","ocean_post_title":"","ocean_post_subheading":"","ocean_post_title_style":"","ocean_post_title_background_color":"","ocean_post_title_background":0,"ocean_post_title_bg_image_position":"","ocean_post_title_bg_image_attachment":"","ocean_post_title_bg_image_repeat":"","ocean_post_title_bg_image_size":"","ocean_post_title_height":0,"ocean_post_title_bg_overlay":0.5,"ocean_post_title_bg_overlay_color":"","ocean_disable_breadcrumbs":"default","ocean_breadcrumbs_color":"","ocean_breadcrumbs_separator_color":"","ocean_breadcrumbs_links_color":"","ocean_breadcrumbs_links_hover_color":"","ocean_display_footer_widgets":"default","ocean_display_footer_bottom":"default","ocean_custom_footer_template":"","footnotes":""},"class_list":["post-95","page","type-page","status-publish","hentry","entry"],"_links":{"self":[{"href":"https:\/\/carole-pascal.fr\/WORDPRESS\/wp-json\/wp\/v2\/pages\/95","targetHints":{"allow":["GET"]}}],"collection":[{"href":"https:\/\/carole-pascal.fr\/WORDPRESS\/wp-json\/wp\/v2\/pages"}],"about":[{"href":"https:\/\/carole-pascal.fr\/WORDPRESS\/wp-json\/wp\/v2\/types\/page"}],"author":[{"embeddable":true,"href":"https:\/\/carole-pascal.fr\/WORDPRESS\/wp-json\/wp\/v2\/users\/1"}],"replies":[{"embeddable":true,"href":"https:\/\/carole-pascal.fr\/WORDPRESS\/wp-json\/wp\/v2\/comments?post=95"}],"version-history":[{"count":0,"href":"https:\/\/carole-pascal.fr\/WORDPRESS\/wp-json\/wp\/v2\/pages\/95\/revisions"}],"wp:attachment":[{"href":"https:\/\/carole-pascal.fr\/WORDPRESS\/wp-json\/wp\/v2\/media?parent=95"}],"curies":[{"name":"wp","href":"https:\/\/api.w.org\/{rel}","templated":true}]}}